[INFO] cloning repository https://github.com/maghoff/sausagewiki
[INFO] running `Command { std: "git" "-c" "credential.helper=" "-c" "credential.helper=/workspace/cargo-home/bin/git-credential-null" "clone" "--bare" "https://github.com/maghoff/sausagewiki" "/workspace/cache/git-repos/https%3A%2F%2Fgithub.com%2Fmaghoff%2Fsausagewiki", kill_on_drop: false }`
[INFO] [stderr] Cloning into bare repository '/workspace/cache/git-repos/https%3A%2F%2Fgithub.com%2Fmaghoff%2Fsausagewiki'...
[INFO] running `Command { std: "git" "rev-parse" "HEAD", kill_on_drop: false }`
[INFO] [stdout] fef213f9f3ab2bd33e4f4d93a96965c05621c598
[INFO] checking maghoff/sausagewiki against try#72f88fc4e9458f89516a0b8b0868f3718aec5b47 for pr-74989
[INFO] running `Command { std: "git" "clone" "/workspace/cache/git-repos/https%3A%2F%2Fgithub.com%2Fmaghoff%2Fsausagewiki" "/workspace/builds/worker-2/source", kill_on_drop: false }`
[INFO] [stderr] Cloning into '/workspace/builds/worker-2/source'...
[INFO] [stderr] done.
[INFO] validating manifest of git repo https://github.com/maghoff/sausagewiki on toolchain 72f88fc4e9458f89516a0b8b0868f3718aec5b47
[INFO] running `Command { std: "/workspace/cargo-home/bin/cargo" "+72f88fc4e9458f89516a0b8b0868f3718aec5b47" "read-manifest" "--manifest-path" "Cargo.toml", kill_on_drop: false }`
[INFO] started tweaking git repo https://github.com/maghoff/sausagewiki
[INFO] removed workspace from git repo https://github.com/maghoff/sausagewiki
[INFO] removed path dependency codegen from git repo https://github.com/maghoff/sausagewiki
[INFO] finished tweaking git repo https://github.com/maghoff/sausagewiki
[INFO] tweaked toml for git repo https://github.com/maghoff/sausagewiki written to /workspace/builds/worker-2/source/Cargo.toml
[INFO] crate git repo https://github.com/maghoff/sausagewiki already has a lockfile, it will not be regenerated
[INFO] running `Command { std: "/workspace/cargo-home/bin/cargo" "+72f88fc4e9458f89516a0b8b0868f3718aec5b47" "fetch" "--locked" "--manifest-path" "Cargo.toml", kill_on_drop: false }`
[INFO] [stderr] warning: dependency (codegen) specified without providing a local path, Git repository, or version to use. This will be considered an error in future versions
[INFO] [stderr]     Updating crates.io index
[INFO] [stderr]     Updating git repository `https://github.com/maghoff/pulldown-cmark.git`
[INFO] [stderr] error: the lock file /workspace/builds/worker-2/source/Cargo.lock needs to be updated but --locked was passed to prevent this
[INFO] [stderr] If you want to try to generate the lock file without accessing the network, use the --offline flag.
[INFO] the lockfile is outdated, regenerating it
[INFO] running `Command { std: "/workspace/cargo-home/bin/cargo" "+72f88fc4e9458f89516a0b8b0868f3718aec5b47" "generate-lockfile" "--manifest-path" "Cargo.toml" "-Zno-index-update", kill_on_drop: false }`
[INFO] [stderr]     Updating git repository `https://github.com/maghoff/pulldown-cmark.git`
[INFO] running `Command { std: "/workspace/cargo-home/bin/cargo" "+72f88fc4e9458f89516a0b8b0868f3718aec5b47" "fetch" "--locked" "--manifest-path" "Cargo.toml", kill_on_drop: false }`
[INFO] [stderr] warning: dependency (codegen) specified without providing a local path, Git repository, or version to use. This will be considered an error in future versions
[INFO] [stderr]  Downloading crates ...
[INFO] [stderr]   Downloaded diesel_migrations v1.4.0
[INFO] [stderr]   Downloaded codegen v0.1.3
[INFO] [stderr]   Downloaded smallvec v0.2.1
[INFO] [stderr]   Downloaded tokio-codec v0.1.2
[INFO] [stderr]   Downloaded nom v2.2.1
[INFO] [stderr]   Downloaded infer_schema_macros v1.4.0
[INFO] [stderr]   Downloaded proc-macro-hack v0.4.2
[INFO] [stderr]   Downloaded infer_schema_internals v1.4.0
[INFO] [stderr]   Downloaded indoc-impl v0.2.8
[INFO] [stderr]   Downloaded r2d2 v0.8.9
[INFO] [stderr]   Downloaded serde_derive v1.0.116
[INFO] [stderr]   Downloaded diff v0.1.12
[INFO] [stderr]   Downloaded migrations_macros v1.4.2
[INFO] [stderr]   Downloaded diesel v1.4.5
[INFO] [stderr]   Downloaded unindent v0.1.6
[INFO] [stderr]   Downloaded mio-uds v0.6.8
[INFO] [stderr]   Downloaded serde_plain v0.3.0
[INFO] [stderr]   Downloaded deunicode v0.4.3
[INFO] [stderr]   Downloaded slug v0.1.4
[INFO] [stderr]   Downloaded tokio-proto v0.1.1
[INFO] [stderr]   Downloaded walkdir v1.0.7
[INFO] [stderr]   Downloaded indoc v0.2.8
[INFO] [stderr]   Downloaded proc-macro-hack-impl v0.4.2
[INFO] [stderr]   Downloaded scheduled-thread-pool v0.2.5
[INFO] [stderr]   Downloaded r2d2-diesel v1.0.0
[INFO] [stderr]   Downloaded seahash v3.0.7
[INFO] [stderr]   Downloaded ucd-util v0.1.8
[INFO] [stderr]   Downloaded utf8-ranges v1.0.4
[INFO] [stderr]   Downloaded tokio-fs v0.1.7
[INFO] [stderr]   Downloaded tokio-udp v0.1.6
[INFO] [stderr]   Downloaded tokio-uds v0.2.7
[INFO] [stderr]   Downloaded same-file v0.1.3
[INFO] [stderr]   Downloaded take v0.1.0
[INFO] [stderr]   Downloaded diesel_infer_schema v1.4.0
[INFO] [stderr]   Downloaded migrations_internals v1.4.1
[INFO] [stderr]   Downloaded bart_derive v0.1.4
[INFO] [stderr]   Downloaded bart v0.1.4
[INFO] [stderr]   Downloaded syn v0.10.8
[INFO] [stderr]   Downloaded titlecase v0.10.0
[INFO] running `Command { std: "docker" "create" "-v" "/var/lib/crater-agent-workspace/builds/worker-2/target:/opt/rustwide/target:rw,Z" "-v" "/var/lib/crater-agent-workspace/builds/worker-2/source:/opt/rustwide/workdir:ro,Z" "-v" "/var/lib/crater-agent-workspace/cargo-home:/opt/rustwide/cargo-home:ro,Z" "-v" "/var/lib/crater-agent-workspace/rustup-home:/opt/rustwide/rustup-home:ro,Z" "-e" "SOURCE_DIR=/opt/rustwide/workdir" "-e" "CARGO_TARGET_DIR=/opt/rustwide/target" "-e" "CARGO_HOME=/opt/rustwide/cargo-home" "-e" "RUSTUP_HOME=/opt/rustwide/rustup-home" "-w" "/opt/rustwide/workdir" "-m" "1610612736" "--user" "0:0" "--network" "none" "rustops/crates-build-env@sha256:d92eaeed33fa75130ca1ee6c8a01d1ffb62bac859dfdfb3450e3e5d1c0146529" "/opt/rustwide/cargo-home/bin/cargo" "+72f88fc4e9458f89516a0b8b0868f3718aec5b47" "metadata" "--no-deps" "--format-version=1", kill_on_drop: false }`
[INFO] [stderr] WARNING: Your kernel does not support swap limit capabilities or the cgroup is not mounted. Memory limited without swap.
[INFO] [stdout] c05f01356fd8c6a8d836fcd6cddbbc9eed02b6b57abef8cbd1c02198720a98fd
[INFO] running `Command { std: "docker" "start" "-a" "c05f01356fd8c6a8d836fcd6cddbbc9eed02b6b57abef8cbd1c02198720a98fd", kill_on_drop: false }`
[INFO] running `Command { std: "docker" "inspect" "c05f01356fd8c6a8d836fcd6cddbbc9eed02b6b57abef8cbd1c02198720a98fd", kill_on_drop: false }`
[INFO] running `Command { std: "docker" "rm" "-f" "c05f01356fd8c6a8d836fcd6cddbbc9eed02b6b57abef8cbd1c02198720a98fd", kill_on_drop: false }`
[INFO] [stdout] c05f01356fd8c6a8d836fcd6cddbbc9eed02b6b57abef8cbd1c02198720a98fd
[INFO] running `Command { std: "docker" "create" "-v" "/var/lib/crater-agent-workspace/builds/worker-2/target:/opt/rustwide/target:rw,Z" "-v" "/var/lib/crater-agent-workspace/builds/worker-2/source:/opt/rustwide/workdir:ro,Z" "-v" "/var/lib/crater-agent-workspace/cargo-home:/opt/rustwide/cargo-home:ro,Z" "-v" "/var/lib/crater-agent-workspace/rustup-home:/opt/rustwide/rustup-home:ro,Z" "-e" "SOURCE_DIR=/opt/rustwide/workdir" "-e" "CARGO_TARGET_DIR=/opt/rustwide/target" "-e" "CARGO_INCREMENTAL=0" "-e" "RUST_BACKTRACE=full" "-e" "RUSTFLAGS=--cap-lints=forbid" "-e" "CARGO_HOME=/opt/rustwide/cargo-home" "-e" "RUSTUP_HOME=/opt/rustwide/rustup-home" "-w" "/opt/rustwide/workdir" "-m" "1610612736" "--user" "0:0" "--network" "none" "rustops/crates-build-env@sha256:d92eaeed33fa75130ca1ee6c8a01d1ffb62bac859dfdfb3450e3e5d1c0146529" "/opt/rustwide/cargo-home/bin/cargo" "+72f88fc4e9458f89516a0b8b0868f3718aec5b47" "check" "--frozen" "--all" "--all-targets" "--message-format=json", kill_on_drop: false }`
[INFO] [stdout] 8c1b7a60291752cc693d218fdd439a40b6101372dc76121f56ec02be3225523b
[INFO] [stderr] WARNING: Your kernel does not support swap limit capabilities or the cgroup is not mounted. Memory limited without swap.
[INFO] running `Command { std: "docker" "start" "-a" "8c1b7a60291752cc693d218fdd439a40b6101372dc76121f56ec02be3225523b", kill_on_drop: false }`
[INFO] [stderr] warning: dependency (codegen) specified without providing a local path, Git repository, or version to use. This will be considered an error in future versions
[INFO] [stderr]    Compiling autocfg v1.0.1
[INFO] [stderr]    Compiling byteorder v1.3.4
[INFO] [stderr]     Checking futures v0.1.29
[INFO] [stderr]     Checking lazy_static v1.4.0
[INFO] [stderr]    Compiling syn v1.0.41
[INFO] [stderr]    Compiling semver-parser v0.7.0
[INFO] [stderr]     Checking fnv v1.0.7
[INFO] [stderr]    Compiling quote v0.3.15
[INFO] [stderr]    Compiling unicode-xid v0.0.4
[INFO] [stderr]    Compiling memchr v2.3.3
[INFO] [stderr]    Compiling version_check v0.9.2
[INFO] [stderr]     Checking matches v0.1.8
[INFO] [stderr]     Checking percent-encoding v1.0.1
[INFO] [stderr]    Compiling unicode-xid v0.1.0
[INFO] [stderr]    Compiling ryu v1.0.5
[INFO] [stderr]    Compiling httparse v1.3.4
[INFO] [stderr]    Compiling pulldown-cmark v0.1.2 (https://github.com/maghoff/pulldown-cmark.git#e5dea36c)
[INFO] [stderr]    Compiling proc-macro-hack-impl v0.4.2
[INFO] [stderr]     Checking slab v0.3.0
[INFO] [stderr]     Checking safemem v0.3.3
[INFO] [stderr]     Checking itoa v0.4.6
[INFO] [stderr]    Compiling syn v0.15.44
[INFO] [stderr]     Checking hashbrown v0.9.0
[INFO] [stderr]     Checking unicode-width v0.1.8
[INFO] [stderr]     Checking nom v2.2.1
[INFO] [stderr]     Checking deunicode v0.4.3
[INFO] [stderr]     Checking dtoa v0.4.6
[INFO] [stderr]     Checking mime v0.3.16
[INFO] [stderr]     Checking lazy_static v0.2.11
[INFO] [stderr]     Checking diff v0.1.12
[INFO] [stderr]     Checking seahash v3.0.7
[INFO] [stderr]     Checking maplit v1.0.2
[INFO] [stderr]    Compiling libsqlite3-sys v0.9.3
[INFO] [stderr]     Checking thread_local v0.3.6
[INFO] [stderr]    Compiling synom v0.11.3
[INFO] [stderr]     Checking unicode-bidi v0.3.4
[INFO] [stderr]    Compiling itertools v0.6.5
[INFO] [stderr]    Compiling semver v0.9.0
[INFO] [stderr]    Compiling syn v0.10.8
[INFO] [stderr]     Checking rand_core v0.3.1
[INFO] [stderr]     Checking textwrap v0.11.0
[INFO] [stderr]     Checking slug v0.1.4
[INFO] [stderr]    Compiling libc v0.2.77
[INFO] [stderr]     Checking log v0.4.11
[INFO] [stderr]    Compiling proc-macro2 v0.4.30
[INFO] [stderr]    Compiling unicase v2.6.0
[INFO] [stderr]    Compiling num-traits v0.2.12
[INFO] [stderr]    Compiling num-integer v0.1.43
[INFO] [stderr]    Compiling crossbeam-utils v0.7.2
[INFO] [stderr]    Compiling memoffset v0.5.5
[INFO] [stderr]    Compiling crossbeam-epoch v0.8.2
[INFO] [stderr]    Compiling num-iter v0.1.41
[INFO] [stderr]    Compiling indexmap v1.6.0
[INFO] [stderr]     Checking num_cpus v1.13.0
[INFO] [stderr]     Checking time v0.1.44
[INFO] [stderr]     Checking parking_lot_core v0.8.0
[INFO] [stderr]     Checking rand v0.4.6
[INFO] [stderr]     Checking atty v0.2.14
[INFO] [stderr]     Checking smallvec v0.6.13
[INFO] [stderr]     Checking serde_plain v0.3.0
[INFO] [stderr]     Checking rand v0.5.6
[INFO] [stderr]    Compiling syn v0.11.11
[INFO] [stderr]    Compiling proc-macro-hack v0.4.2
[INFO] [stderr]     Checking idna v0.1.5
[INFO] [stderr]    Compiling rustc_version v0.2.3
[INFO] [stderr]     Checking log v0.3.9
[INFO] [stderr]     Checking serde_json v1.0.57
[INFO] [stderr]     Checking aho-corasick v0.6.10
[INFO] [stderr]     Checking mio v0.6.22
[INFO] [stderr]    Compiling quote v0.6.13
[INFO] [stderr]     Checking bart v0.1.4
[INFO] [stderr]     Checking clap v2.33.3
[INFO] [stderr]     Checking tokio-sync v0.1.8
[INFO] [stderr]     Checking tokio-service v0.1.0
[INFO] [stderr]     Checking want v0.0.4
[INFO] [stderr]     Checking relay v0.1.1
[INFO] [stderr]     Checking futures-cpupool v0.1.8
[INFO] [stderr]     Checking parking_lot v0.11.0
[INFO] [stderr]     Checking bytes v0.4.12
[INFO] [stderr]     Checking base64 v0.9.3
[INFO] [stderr]     Checking regex v0.2.11
[INFO] [stderr]    Compiling parking_lot_core v0.6.2
[INFO] [stderr]    Compiling parking_lot v0.9.0
[INFO] [stderr]     Checking rand v0.3.23
[INFO] [stderr]     Checking url v1.7.2
[INFO] [stderr]     Checking scheduled-thread-pool v0.2.5
[INFO] [stderr]     Checking mio-uds v0.6.8
[INFO] [stderr]     Checking tokio-io v0.1.13
[INFO] [stderr]     Checking tokio-executor v0.1.10
[INFO] [stderr]     Checking crossbeam-queue v0.2.3
[INFO] [stderr]     Checking r2d2 v0.8.9
[INFO] [stderr]     Checking codegen v0.1.3
[INFO] [stderr]     Checking tokio-timer v0.2.13
[INFO] [stderr]     Checking tokio-current-thread v0.1.7
[INFO] [stderr]     Checking crossbeam-deque v0.7.3
[INFO] [stderr]     Checking tokio-codec v0.1.2
[INFO] [stderr]     Checking serde_urlencoded v0.5.5
[INFO] [stderr]     Checking tokio-threadpool v0.1.18
[INFO] [stderr]     Checking chrono v0.4.15
[INFO] [stderr]     Checking tokio-reactor v0.1.12
[INFO] [stderr]     Checking titlecase v0.10.0
[INFO] [stderr]     Checking num v0.1.42
[INFO] [stderr]    Compiling bart_derive v0.1.4
[INFO] [stderr]     Checking tokio-udp v0.1.6
[INFO] [stderr]     Checking tokio-tcp v0.1.4
[INFO] [stderr]     Checking tokio-uds v0.2.7
[INFO] [stderr]     Checking tokio-fs v0.1.7
[INFO] [stderr]     Checking tokio v0.1.22
[INFO] [stderr]     Checking tokio-core v0.1.17
[INFO] [stderr]    Compiling indoc-impl v0.2.8
[INFO] [stderr]     Checking tokio-proto v0.1.1
[INFO] [stderr]     Checking indoc v0.2.8
[INFO] [stderr]     Checking hyper v0.11.27
[INFO] [stderr]    Compiling diesel_derives v1.4.1
[INFO] [stderr]    Compiling serde_derive v1.0.116
[INFO] [stderr]     Checking diesel v1.4.5
[INFO] [stderr]     Checking migrations_internals v1.4.1
[INFO] [stderr]     Checking r2d2-diesel v1.0.0
[INFO] [stderr]    Compiling infer_schema_internals v1.4.0
[INFO] [stderr]    Compiling migrations_macros v1.4.2
[INFO] [stderr]    Compiling infer_schema_macros v1.4.0
[INFO] [stderr]    Compiling diesel_migrations v1.4.0
[INFO] [stderr]    Compiling sausagewiki v0.1.0-dev (/opt/rustwide/workdir)
[INFO] [stderr]     Checking diesel_infer_schema v1.4.0
[INFO] [stdout] warning: unnecessary parentheses around type
[INFO] [stdout]   --> build.rs:37:44
[INFO] [stdout]    |
[INFO] [stdout] 37 |     diesel::expression::sql_literal::sql::<(diesel::sql_types::Integer)>("PRAGMA foreign_keys = ON")
[INFO] [stdout]    |                                            ^^^^^^^^^^^^^^^^^^^^^^^^^^^^ help: remove these parentheses
[INFO] [stdout]    |
[INFO] [stdout]    = note: `#[warn(unused_parens)]` on by default
[INFO] [stdout] 
[INFO] [stdout] 
[INFO] [stdout] warning: 1 warning emitted
[INFO] [stdout] 
[INFO] [stdout] 
[INFO] [stdout] error: cannot find derive macro `StaticResource` in this scope
[INFO] [stdout]  --> src/assets.rs:8:14
[INFO] [stdout]   |
[INFO] [stdout] 8 |     #[derive(StaticResource)]
[INFO] [stdout]   |              ^^^^^^^^^^^^^^
[INFO] [stdout] 
[INFO] [stdout] 
[INFO] [stdout] error: cannot find attribute `filename` in this scope
[INFO] [stdout]  --> src/assets.rs:9:7
[INFO] [stdout]   |
[INFO] [stdout] 9 |     #[filename = "assets/themes.css"]
[INFO] [stdout]   |       ^^^^^^^^
[INFO] [stdout] 
[INFO] [stdout] 
[INFO] [stdout] error: cannot find attribute `mime` in this scope
[INFO] [stdout]   --> src/assets.rs:10:7
[INFO] [stdout]    |
[INFO] [stdout] 10 |     #[mime = "text/css"]
[INFO] [stdout]    |       ^^^^
[INFO] [stdout] 
[INFO] [stdout] 
[INFO] [stdout] error: cannot find derive macro `StaticResource` in this scope
[INFO] [stdout]   --> src/assets.rs:13:14
[INFO] [stdout]    |
[INFO] [stdout] 13 |     #[derive(StaticResource)]
[INFO] [stdout]    |              ^^^^^^^^^^^^^^
[INFO] [stdout] 
[INFO] [stdout] 
[INFO] [stdout] error: cannot find attribute `filename` in this scope
[INFO] [stdout]   --> src/assets.rs:14:7
[INFO] [stdout]    |
[INFO] [stdout] 14 |     #[filename = "assets/style.css"]
[INFO] [stdout]    |       ^^^^^^^^
[INFO] [stdout] 
[INFO] [stdout] 
[INFO] [stdout] error: cannot find attribute `mime` in this scope
[INFO] [stdout]   --> src/assets.rs:15:7
[INFO] [stdout]    |
[INFO] [stdout] 15 |     #[mime = "text/css"]
[INFO] [stdout]    |       ^^^^
[INFO] [stdout] 
[INFO] [stdout] 
[INFO] [stdout] error: cannot find derive macro `StaticResource` in this scope
[INFO] [stdout]   --> src/assets.rs:18:14
[INFO] [stdout]    |
[INFO] [stdout] 18 |     #[derive(StaticResource)]
[INFO] [stdout]    |              ^^^^^^^^^^^^^^
[INFO] [stdout] 
[INFO] [stdout] 
[INFO] [stdout] error: cannot find attribute `filename` in this scope
[INFO] [stdout]   --> src/assets.rs:19:7
[INFO] [stdout]    |
[INFO] [stdout] 19 |     #[filename = "assets/script.js"]
[INFO] [stdout]    |       ^^^^^^^^
[INFO] [stdout] 
[INFO] [stdout] 
[INFO] [stdout] error: cannot find attribute `mime` in this scope
[INFO] [stdout]   --> src/assets.rs:20:7
[INFO] [stdout]    |
[INFO] [stdout] 20 |     #[mime = "application/javascript"]
[INFO] [stdout]    |       ^^^^
[INFO] [stdout] 
[INFO] [stdout] 
[INFO] [stdout] error: cannot find derive macro `StaticResource` in this scope
[INFO] [stdout]   --> src/assets.rs:23:14
[INFO] [stdout]    |
[INFO] [stdout] 23 |     #[derive(StaticResource)]
[INFO] [stdout]    |              ^^^^^^^^^^^^^^
[INFO] [stdout] 
[INFO] [stdout] 
[INFO] [stdout] error: cannot find attribute `filename` in this scope
[INFO] [stdout]   --> src/assets.rs:24:7
[INFO] [stdout]    |
[INFO] [stdout] 24 |     #[filename = "assets/search.js"]
[INFO] [stdout]    |       ^^^^^^^^
[INFO] [stdout] 
[INFO] [stdout] 
[INFO] [stdout] error: cannot find attribute `mime` in this scope
[INFO] [stdout]   --> src/assets.rs:25:7
[INFO] [stdout]    |
[INFO] [stdout] 25 |     #[mime = "application/javascript"]
[INFO] [stdout]    |       ^^^^
[INFO] [stdout] 
[INFO] [stdout] 
[INFO] [stdout] error: cannot find derive macro `Licenses` in this scope
[INFO] [stdout]   --> src/resources/about_resource.rs:11:10
[INFO] [stdout]    |
[INFO] [stdout] 11 | #[derive(Licenses)]
[INFO] [stdout]    |          ^^^^^^^^
[INFO] [stdout] 
[INFO] [stdout] 
[INFO] [stdout] error: cannot find derive macro `StaticResource` in this scope
[INFO] [stdout]  --> src/assets.rs:8:14
[INFO] [stdout]   |
[INFO] [stdout] 8 |     #[derive(StaticResource)]
[INFO] [stdout]   |              ^^^^^^^^^^^^^^
[INFO] [stdout] 
[INFO] [stdout] 
[INFO] [stdout] error: cannot find attribute `filename` in this scope
[INFO] [stdout]  --> src/assets.rs:9:7
[INFO] [stdout]   |
[INFO] [stdout] 9 |     #[filename = "assets/themes.css"]
[INFO] [stdout]   |       ^^^^^^^^
[INFO] [stdout] 
[INFO] [stdout] 
[INFO] [stdout] error: cannot find attribute `mime` in this scope
[INFO] [stdout]   --> src/assets.rs:10:7
[INFO] [stdout]    |
[INFO] [stdout] 10 |     #[mime = "text/css"]
[INFO] [stdout]    |       ^^^^
[INFO] [stdout] 
[INFO] [stdout] 
[INFO] [stdout] error: cannot find derive macro `StaticResource` in this scope
[INFO] [stdout]   --> src/assets.rs:13:14
[INFO] [stdout]    |
[INFO] [stdout] 13 |     #[derive(StaticResource)]
[INFO] [stdout]    |              ^^^^^^^^^^^^^^
[INFO] [stdout] 
[INFO] [stdout] 
[INFO] [stdout] error: cannot find attribute `filename` in this scope
[INFO] [stdout]   --> src/assets.rs:14:7
[INFO] [stdout]    |
[INFO] [stdout] 14 |     #[filename = "assets/style.css"]
[INFO] [stdout]    |       ^^^^^^^^
[INFO] [stdout] 
[INFO] [stdout] 
[INFO] [stdout] error: cannot find attribute `mime` in this scope
[INFO] [stdout]   --> src/assets.rs:15:7
[INFO] [stdout]    |
[INFO] [stdout] 15 |     #[mime = "text/css"]
[INFO] [stdout]    |       ^^^^
[INFO] [stdout] 
[INFO] [stdout] 
[INFO] [stdout] error: cannot find derive macro `StaticResource` in this scope
[INFO] [stdout]   --> src/assets.rs:18:14
[INFO] [stdout]    |
[INFO] [stdout] 18 |     #[derive(StaticResource)]
[INFO] [stdout]    |              ^^^^^^^^^^^^^^
[INFO] [stdout] 
[INFO] [stdout] 
[INFO] [stdout] error: cannot find attribute `filename` in this scope
[INFO] [stdout]   --> src/assets.rs:19:7
[INFO] [stdout]    |
[INFO] [stdout] 19 |     #[filename = "assets/script.js"]
[INFO] [stdout]    |       ^^^^^^^^
[INFO] [stdout] 
[INFO] [stdout] 
[INFO] [stdout] error: cannot find attribute `mime` in this scope
[INFO] [stdout]   --> src/assets.rs:20:7
[INFO] [stdout]    |
[INFO] [stdout] 20 |     #[mime = "application/javascript"]
[INFO] [stdout]    |       ^^^^
[INFO] [stdout] 
[INFO] [stdout] 
[INFO] [stdout] error: cannot find derive macro `StaticResource` in this scope
[INFO] [stdout]   --> src/assets.rs:23:14
[INFO] [stdout]    |
[INFO] [stdout] 23 |     #[derive(StaticResource)]
[INFO] [stdout]    |              ^^^^^^^^^^^^^^
[INFO] [stdout] 
[INFO] [stdout] 
[INFO] [stdout] error: cannot find attribute `filename` in this scope
[INFO] [stdout]   --> src/assets.rs:24:7
[INFO] [stdout]    |
[INFO] [stdout] 24 |     #[filename = "assets/search.js"]
[INFO] [stdout]    |       ^^^^^^^^
[INFO] [stdout] 
[INFO] [stdout] 
[INFO] [stdout] error: cannot find attribute `mime` in this scope
[INFO] [stdout]   --> src/assets.rs:25:7
[INFO] [stdout]    |
[INFO] [stdout] 25 |     #[mime = "application/javascript"]
[INFO] [stdout]    |       ^^^^
[INFO] [stdout] 
[INFO] [stdout] 
[INFO] [stdout] error: cannot find derive macro `Licenses` in this scope
[INFO] [stdout]   --> src/resources/about_resource.rs:11:10
[INFO] [stdout]    |
[INFO] [stdout] 11 | #[derive(Licenses)]
[INFO] [stdout]    |          ^^^^^^^^
[INFO] [stdout] 
[INFO] [stdout] 
[INFO] [stdout] error[E0425]: cannot find value `LICENSE_INFOS` in this scope
[INFO] [stdout]   --> src/resources/about_resource.rs:88:33
[INFO] [stdout]    |
[INFO] [stdout] 88 |                         deps: &*LICENSE_INFOS
[INFO] [stdout]    |                                 ^^^^^^^^^^^^^ not found in this scope
[INFO] [stdout] 
[INFO] [stdout] 
[INFO] [stdout] error[E0425]: cannot find value `LICENSE_INFOS` in this scope
[INFO] [stdout]   --> src/resources/about_resource.rs:88:33
[INFO] [stdout]    |
[INFO] [stdout] 88 |                         deps: &*LICENSE_INFOS
[INFO] [stdout]    |                                 ^^^^^^^^^^^^^ not found in this scope
[INFO] [stdout] 
[INFO] [stdout] 
[INFO] [stdout] warning: unused `#[macro_use]` import
[INFO] [stdout]   --> src/lib.rs:12:1
[INFO] [stdout]    |
[INFO] [stdout] 12 | #[macro_use] extern crate codegen;
[INFO] [stdout]    | ^^^^^^^^^^^^
[INFO] [stdout]    |
[INFO] [stdout]    = note: `#[warn(unused_imports)]` on by default
[INFO] [stdout] 
[INFO] [stdout] 
[INFO] [stdout] warning: unused import: `futures::Future`
[INFO] [stdout]  --> src/assets.rs:4:9
[INFO] [stdout]   |
[INFO] [stdout] 4 |     use futures::Future;
[INFO] [stdout]   |         ^^^^^^^^^^^^^^^
[INFO] [stdout] 
[INFO] [stdout] 
[INFO] [stdout] warning: unused import: `ResponseFuture`
[INFO] [stdout]  --> src/assets.rs:5:25
[INFO] [stdout]   |
[INFO] [stdout] 5 |     use web::{Resource, ResponseFuture};
[INFO] [stdout]   |                         ^^^^^^^^^^^^^^
[INFO] [stdout] 
[INFO] [stdout] 
[INFO] [stdout] warning: trait objects without an explicit `dyn` are deprecated
[INFO] [stdout]   --> src/assets.rs:35:28
[INFO] [stdout]    |
[INFO] [stdout] 35 |     type BoxResource = Box<Resource + Sync + Send>;
[INFO] [stdout]    |                            ^^^^^^^^^^^^^^^^^^^^^^ help: use `dyn`: `dyn Resource + Sync + Send`
[INFO] [stdout]    |
[INFO] [stdout]    = note: `#[warn(bare_trait_objects)]` on by default
[INFO] [stdout] 
[INFO] [stdout] 
[INFO] [stdout] warning: trait objects without an explicit `dyn` are deprecated
[INFO] [stdout]   --> src/assets.rs:36:27
[INFO] [stdout]    |
[INFO] [stdout] 36 |     type ResourceFn = Box<Fn() -> BoxResource + Sync + Send>;
[INFO] [stdout]    |                           ^^^^^^^^^^^^^^^^^^^^^^^^^^^^^^^^^ help: use `dyn`: `dyn Fn() -> BoxResource + Sync + Send`
[INFO] [stdout] 
[INFO] [stdout] 
[INFO] [stdout] warning: unnecessary parentheses around type
[INFO] [stdout]   --> src/db.rs:24:15
[INFO] [stdout]    |
[INFO] [stdout] 24 |         sql::<(Integer)>("PRAGMA foreign_keys = ON")
[INFO] [stdout]    |               ^^^^^^^^^ help: remove these parentheses
[INFO] [stdout]    |
[INFO] [stdout]    = note: `#[warn(unused_parens)]` on by default
[INFO] [stdout] 
[INFO] [stdout] 
[INFO] [stdout] warning: trait objects without an explicit `dyn` are deprecated
[INFO] [stdout]   --> src/db.rs:42:116
[INFO] [stdout]    |
[INFO] [stdout] 42 | pub fn create_pool<S: Into<String>>(connection_string: S) -> Result<Pool<ConnectionManager<SqliteConnection>>, Box<::std::error::Error>> {
[INFO] [stdout]    |                                                                                                                    ^^^^^^^^^^^^^^^^^^^ help: use `dyn`: `dyn (::std::error::Error)`
[INFO] [stdout] 
[INFO] [stdout] 
[INFO] [stdout] warning: trait objects without an explicit `dyn` are deprecated
[INFO] [stdout]   --> src/resources/pagination.rs:11:35
[INFO] [stdout]    |
[INFO] [stdout] 11 |         write!(f, "{}", (self as &error::Error).description())
[INFO] [stdout]    |                                   ^^^^^^^^^^^^ help: use `dyn`: `dyn error::Error`
[INFO] [stdout] 
[INFO] [stdout] 
[INFO] [stdout] warning: trait objects without an explicit `dyn` are deprecated
[INFO] [stdout]   --> src/resources/changes_resource.rs:21:24
[INFO] [stdout]    |
[INFO] [stdout] 21 | type BoxResource = Box<Resource + Sync + Send>;
[INFO] [stdout]    |                        ^^^^^^^^^^^^^^^^^^^^^^ help: use `dyn`: `dyn Resource + Sync + Send`
[INFO] [stdout] 
[INFO] [stdout] 
[INFO] [stdout] warning: trait objects without an explicit `dyn` are deprecated
[INFO] [stdout]    --> src/resources/changes_resource.rs:100:54
[INFO] [stdout]     |
[INFO] [stdout] 100 |     pub fn lookup(&self, query: Option<&str>) -> Box<Future<Item=Option<BoxResource>, Error=::web::Error>> {
[INFO] [stdout]     |                                                      ^^^^^^^^^^^^^^^^^^^^^^^^^^^^^^^^^^^^^^^^^^^^^^^^^^^^ help: use `dyn`: `dyn Future<Item=Option<BoxResource>, Error=::web::Error>`
[INFO] [stdout] 
[INFO] [stdout] 
[INFO] [stdout] warning: trait objects without an explicit `dyn` are deprecated
[INFO] [stdout]    --> src/resources/changes_resource.rs:157:32
[INFO] [stdout]     |
[INFO] [stdout] 157 |                     })) as Box<Future<Item=Option<BoxResource>, Error=::web::Error>>
[INFO] [stdout]     |                                ^^^^^^^^^^^^^^^^^^^^^^^^^^^^^^^^^^^^^^^^^^^^^^^^^^^^ help: use `dyn`: `dyn Future<Item=Option<BoxResource>, Error=::web::Error>`
[INFO] [stdout] 
[INFO] [stdout] 
[INFO] [stdout] warning: the item `Iterator` is imported redundantly
[INFO] [stdout]    --> src/resources/changes_resource.rs:297:21
[INFO] [stdout]     |
[INFO] [stdout] 297 |                 use std::iter::Iterator;
[INFO] [stdout]     |                     ^^^^^^^^^^^^^^^^^^^
[INFO] [stdout] 
[INFO] [stdout] 
[INFO] [stdout] warning: trait objects without an explicit `dyn` are deprecated
[INFO] [stdout]   --> src/resources/diff_resource.rs:21:24
[INFO] [stdout]    |
[INFO] [stdout] 21 | type BoxResource = Box<Resource + Sync + Send>;
[INFO] [stdout]    |                        ^^^^^^^^^^^^^^^^^^^^^^ help: use `dyn`: `dyn Resource + Sync + Send`
[INFO] [stdout] 
[INFO] [stdout] 
[INFO] [stdout] warning: trait objects without an explicit `dyn` are deprecated
[INFO] [stdout]   --> src/resources/diff_resource.rs:51:71
[INFO] [stdout]    |
[INFO] [stdout] 51 |     pub fn lookup(&self, article_id: u32, query: Option<&str>) -> Box<Future<Item=Option<BoxResource>, Error=::web::Error>> {
[INFO] [stdout]    |                                                                       ^^^^^^^^^^^^^^^^^^^^^^^^^^^^^^^^^^^^^^^^^^^^^^^^^^^^ help: use `dyn`: `dyn Future<Item=Option<BoxResource>, Error=::web::Error>`
[INFO] [stdout] 
[INFO] [stdout] 
[INFO] [stdout] warning: trait objects without an explicit `dyn` are deprecated
[INFO] [stdout]   --> src/resources/search_resource.rs:17:24
[INFO] [stdout]    |
[INFO] [stdout] 17 | type BoxResource = Box<Resource + Sync + Send>;
[INFO] [stdout]    |                        ^^^^^^^^^^^^^^^^^^^^^^ help: use `dyn`: `dyn Resource + Sync + Send`
[INFO] [stdout] 
[INFO] [stdout] 
[INFO] [stdout] warning: trait objects without an explicit `dyn` are deprecated
[INFO] [stdout]   --> src/site.rs:96:59
[INFO] [stdout]    |
[INFO] [stdout] 96 |     fn internal_server_error(base: Option<&str>, err: Box<::std::error::Error + Send + Sync>) -> Response {
[INFO] [stdout]    |                                                           ^^^^^^^^^^^^^^^^^^^^^^^^^^^^^^^^^ help: use `dyn`: `dyn ::std::error::Error + Send + Sync`
[INFO] [stdout] 
[INFO] [stdout] 
[INFO] [stdout] warning: trait objects without an explicit `dyn` are deprecated
[INFO] [stdout]    --> src/site.rs:124:23
[INFO] [stdout]     |
[INFO] [stdout] 124 |     type Future = Box<futures::Future<Item = Response, Error = Self::Error>>;
[INFO] [stdout]     |                       ^^^^^^^^^^^^^^^^^^^^^^^^^^^^^^^^^^^^^^^^^^^^^^^^^^^^^ help: use `dyn`: `dyn futures::Future<Item = Response, Error = Self::Error>`
[INFO] [stdout] 
[INFO] [stdout] 
[INFO] [stdout] warning: trait objects without an explicit `dyn` are deprecated
[INFO] [stdout]   --> src/state.rs:21:22
[INFO] [stdout]    |
[INFO] [stdout] 21 | pub type Error = Box<std::error::Error + Send + Sync>;
[INFO] [stdout]    |                      ^^^^^^^^^^^^^^^^^^^^^^^^^^^^^^^ help: use `dyn`: `dyn std::error::Error + Send + Sync`
[INFO] [stdout] 
[INFO] [stdout] 
[INFO] [stdout] warning: the item `article_revisions` is imported redundantly
[INFO] [stdout]   --> src/state.rs:84:9
[INFO] [stdout]    |
[INFO] [stdout] 12 | use schema::*;
[INFO] [stdout]    |     --------- the item `article_revisions` is already imported here
[INFO] [stdout] ...
[INFO] [stdout] 84 |     use schema::article_revisions;
[INFO] [stdout]    |         ^^^^^^^^^^^^^^^^^^^^^^^^^
[INFO] [stdout] 
[INFO] [stdout] 
[INFO] [stdout] warning: the item `article_revisions` is imported redundantly
[INFO] [stdout]    --> src/state.rs:116:13
[INFO] [stdout]     |
[INFO] [stdout] 12  | use schema::*;
[INFO] [stdout]     |     --------- the item `article_revisions` is already imported here
[INFO] [stdout] ...
[INFO] [stdout] 116 |         use schema::article_revisions;
[INFO] [stdout]     |             ^^^^^^^^^^^^^^^^^^^^^^^^^
[INFO] [stdout] 
[INFO] [stdout] 
[INFO] [stdout] warning: the item `article_revisions` is imported redundantly
[INFO] [stdout]    --> src/state.rs:127:13
[INFO] [stdout]     |
[INFO] [stdout] 12  | use schema::*;
[INFO] [stdout]     |     --------- the item `article_revisions` is already imported here
[INFO] [stdout] ...
[INFO] [stdout] 127 |         use schema::article_revisions;
[INFO] [stdout]     |             ^^^^^^^^^^^^^^^^^^^^^^^^^
[INFO] [stdout] 
[INFO] [stdout] 
[INFO] [stdout] warning: the item `article_revisions` is imported redundantly
[INFO] [stdout]    --> src/state.rs:162:13
[INFO] [stdout]     |
[INFO] [stdout] 12  | use schema::*;
[INFO] [stdout]     |     --------- the item `article_revisions` is already imported here
[INFO] [stdout] ...
[INFO] [stdout] 162 |         use schema::article_revisions;
[INFO] [stdout]     |             ^^^^^^^^^^^^^^^^^^^^^^^^^
[INFO] [stdout] 
[INFO] [stdout] 
[INFO] [stdout] warning: the item `article_revisions` is imported redundantly
[INFO] [stdout]    --> src/state.rs:181:17
[INFO] [stdout]     |
[INFO] [stdout] 12  | use schema::*;
[INFO] [stdout]     |     --------- the item `article_revisions` is already imported here
[INFO] [stdout] ...
[INFO] [stdout] 181 |             use schema::article_revisions;
[INFO] [stdout]     |                 ^^^^^^^^^^^^^^^^^^^^^^^^^
[INFO] [stdout] 
[INFO] [stdout] 
[INFO] [stdout] warning: the item `article_revisions` is imported redundantly
[INFO] [stdout]    --> src/state.rs:282:17
[INFO] [stdout]     |
[INFO] [stdout] 12  | use schema::*;
[INFO] [stdout]     |     --------- the item `article_revisions` is already imported here
[INFO] [stdout] ...
[INFO] [stdout] 282 |             use schema::article_revisions;
[INFO] [stdout]     |                 ^^^^^^^^^^^^^^^^^^^^^^^^^
[INFO] [stdout] 
[INFO] [stdout] 
[INFO] [stdout] warning: unnecessary parentheses around type
[INFO] [stdout]    --> src/state.rs:360:23
[INFO] [stdout]     |
[INFO] [stdout] 360 |                 sql::<(diesel::sql_types::Integer)>("INSERT INTO articles VALUES (null)")
[INFO] [stdout]     |                       ^^^^^^^^^^^^^^^^^^^^^^^^^^^^ help: remove these parentheses
[INFO] [stdout] 
[INFO] [stdout] 
[INFO] [stdout] warning: unnecessary parentheses around type
[INFO] [stdout]    --> src/state.rs:362:23
[INFO] [stdout]     |
[INFO] [stdout] 362 |                 sql::<(diesel::sql_types::Integer)>("SELECT LAST_INSERT_ROWID()")
[INFO] [stdout]     |                       ^^^^^^^^^^^^^^^^^^^^^^^^^^^^ help: remove these parentheses
[INFO] [stdout] 
[INFO] [stdout] 
[INFO] [stdout] warning: trait objects without an explicit `dyn` are deprecated
[INFO] [stdout]   --> src/web/resource.rs:11:22
[INFO] [stdout]    |
[INFO] [stdout] 11 | pub type Error = Box<std::error::Error + Send + Sync>;
[INFO] [stdout]    |                      ^^^^^^^^^^^^^^^^^^^^^^^^^^^^^^^ help: use `dyn`: `dyn std::error::Error + Send + Sync`
[INFO] [stdout] 
[INFO] [stdout] 
[INFO] [stdout] warning: trait objects without an explicit `dyn` are deprecated
[INFO] [stdout]   --> src/web/resource.rs:12:31
[INFO] [stdout]    |
[INFO] [stdout] 12 | pub type ResponseFuture = Box<futures::Future<Item = server::Response, Error = Error>>;
[INFO] [stdout]    |                               ^^^^^^^^^^^^^^^^^^^^^^^^^^^^^^^^^^^^^^^^^^^^^^^^^^^^^^^ help: use `dyn`: `dyn futures::Future<Item = server::Response, Error = Error>`
[INFO] [stdout] 
[INFO] [stdout] 
[INFO] [stdout] warning: trait objects without an explicit `dyn` are deprecated
[INFO] [stdout]   --> src/wiki_lookup.rs:17:24
[INFO] [stdout]    |
[INFO] [stdout] 17 | type BoxResource = Box<Resource + Sync + Send>;
[INFO] [stdout]    |                        ^^^^^^^^^^^^^^^^^^^^^^ help: use `dyn`: `dyn Resource + Sync + Send`
[INFO] [stdout] 
[INFO] [stdout] 
[INFO] [stdout] warning: trait objects without an explicit `dyn` are deprecated
[INFO] [stdout]   --> src/wiki_lookup.rs:18:23
[INFO] [stdout]    |
[INFO] [stdout] 18 | type ResourceFn = Box<Fn() -> BoxResource + Sync + Send>;
[INFO] [stdout]    |                       ^^^^^^^^^^^^^^^^^^^^^^^^^^^^^^^^^ help: use `dyn`: `dyn Fn() -> BoxResource + Sync + Send`
[INFO] [stdout] 
[INFO] [stdout] 
[INFO] [stdout] warning: trait objects without an explicit `dyn` are deprecated
[INFO] [stdout]   --> src/wiki_lookup.rs:58:43
[INFO] [stdout]    |
[INFO] [stdout] 58 |     FutureResult<Option<BoxResource>, Box<::std::error::Error + Send + Sync>>
[INFO] [stdout]    |                                           ^^^^^^^^^^^^^^^^^^^^^^^^^^^^^^^^^ help: use `dyn`: `dyn ::std::error::Error + Send + Sync`
[INFO] [stdout] 
[INFO] [stdout] 
[INFO] [stdout] warning: trait objects without an explicit `dyn` are deprecated
[INFO] [stdout]   --> src/wiki_lookup.rs:77:43
[INFO] [stdout]    |
[INFO] [stdout] 77 |     FutureResult<Option<BoxResource>, Box<::std::error::Error + Send + Sync>>
[INFO] [stdout]    |                                           ^^^^^^^^^^^^^^^^^^^^^^^^^^^^^^^^^ help: use `dyn`: `dyn ::std::error::Error + Send + Sync`
[INFO] [stdout] 
[INFO] [stdout] 
[INFO] [stdout] warning: trait objects without an explicit `dyn` are deprecated
[INFO] [stdout]    --> src/wiki_lookup.rs:252:22
[INFO] [stdout]     |
[INFO] [stdout] 252 |     type Error = Box<::std::error::Error + Send + Sync>;
[INFO] [stdout]     |                      ^^^^^^^^^^^^^^^^^^^^^^^^^^^^^^^^^ help: use `dyn`: `dyn ::std::error::Error + Send + Sync`
[INFO] [stdout] 
[INFO] [stdout] 
[INFO] [stdout] warning: trait objects without an explicit `dyn` are deprecated
[INFO] [stdout]    --> src/wiki_lookup.rs:253:23
[INFO] [stdout]     |
[INFO] [stdout] 253 |     type Future = Box<Future<Item = Option<Self::Resource>, Error = Self::Error>>;
[INFO] [stdout]     |                       ^^^^^^^^^^^^^^^^^^^^^^^^^^^^^^^^^^^^^^^^^^^^^^^^^^^^^^^^^^ help: use `dyn`: `dyn Future<Item = Option<Self::Resource>, Error = Self::Error>`
[INFO] [stdout] 
[INFO] [stdout] 
[INFO] [stdout] warning: trait objects without an explicit `dyn` are deprecated
[INFO] [stdout]   --> src/lib.rs:55:105
[INFO] [stdout]    |
[INFO] [stdout] 55 | pub fn main(db_file: String, bind_host: IpAddr, bind_port: u16, trust_identity: bool) -> Result<(), Box<std::error::Error>> {
[INFO] [stdout]    |                                                                                                         ^^^^^^^^^^^^^^^^^ help: use `dyn`: `dyn std::error::Error`
[INFO] [stdout] 
[INFO] [stdout] 
[INFO] [stdout] warning: unused `#[macro_use]` import
[INFO] [stdout]   --> src/lib.rs:12:1
[INFO] [stdout]    |
[INFO] [stdout] 12 | #[macro_use] extern crate codegen;
[INFO] [stdout]    | ^^^^^^^^^^^^
[INFO] [stdout]    |
[INFO] [stdout]    = note: `#[warn(unused_imports)]` on by default
[INFO] [stdout] 
[INFO] [stdout] 
[INFO] [stdout] warning: unused import: `futures::Future`
[INFO] [stdout]  --> src/assets.rs:4:9
[INFO] [stdout]   |
[INFO] [stdout] 4 |     use futures::Future;
[INFO] [stdout]   |         ^^^^^^^^^^^^^^^
[INFO] [stdout] 
[INFO] [stdout] 
[INFO] [stdout] warning: unused import: `ResponseFuture`
[INFO] [stdout]  --> src/assets.rs:5:25
[INFO] [stdout]   |
[INFO] [stdout] 5 |     use web::{Resource, ResponseFuture};
[INFO] [stdout]   |                         ^^^^^^^^^^^^^^
[INFO] [stdout] 
[INFO] [stdout] 
[INFO] [stdout] warning: trait objects without an explicit `dyn` are deprecated
[INFO] [stdout]   --> src/assets.rs:35:28
[INFO] [stdout]    |
[INFO] [stdout] 35 |     type BoxResource = Box<Resource + Sync + Send>;
[INFO] [stdout]    |                            ^^^^^^^^^^^^^^^^^^^^^^ help: use `dyn`: `dyn Resource + Sync + Send`
[INFO] [stdout]    |
[INFO] [stdout]    = note: `#[warn(bare_trait_objects)]` on by default
[INFO] [stdout] 
[INFO] [stdout] 
[INFO] [stdout] warning: trait objects without an explicit `dyn` are deprecated
[INFO] [stdout]   --> src/assets.rs:36:27
[INFO] [stdout]    |
[INFO] [stdout] 36 |     type ResourceFn = Box<Fn() -> BoxResource + Sync + Send>;
[INFO] [stdout]    |                           ^^^^^^^^^^^^^^^^^^^^^^^^^^^^^^^^^ help: use `dyn`: `dyn Fn() -> BoxResource + Sync + Send`
[INFO] [stdout] 
[INFO] [stdout] 
[INFO] [stdout] warning: unnecessary parentheses around type
[INFO] [stdout]   --> src/db.rs:24:15
[INFO] [stdout]    |
[INFO] [stdout] 24 |         sql::<(Integer)>("PRAGMA foreign_keys = ON")
[INFO] [stdout]    |               ^^^^^^^^^ help: remove these parentheses
[INFO] [stdout]    |
[INFO] [stdout]    = note: `#[warn(unused_parens)]` on by default
[INFO] [stdout] 
[INFO] [stdout] 
[INFO] [stdout] warning: trait objects without an explicit `dyn` are deprecated
[INFO] [stdout]   --> src/db.rs:42:116
[INFO] [stdout]    |
[INFO] [stdout] 42 | pub fn create_pool<S: Into<String>>(connection_string: S) -> Result<Pool<ConnectionManager<SqliteConnection>>, Box<::std::error::Error>> {
[INFO] [stdout]    |                                                                                                                    ^^^^^^^^^^^^^^^^^^^ help: use `dyn`: `dyn (::std::error::Error)`
[INFO] [stdout] 
[INFO] [stdout] 
[INFO] [stdout] warning: trait objects without an explicit `dyn` are deprecated
[INFO] [stdout]   --> src/resources/pagination.rs:11:35
[INFO] [stdout]    |
[INFO] [stdout] 11 |         write!(f, "{}", (self as &error::Error).description())
[INFO] [stdout]    |                                   ^^^^^^^^^^^^ help: use `dyn`: `dyn error::Error`
[INFO] [stdout] 
[INFO] [stdout] 
[INFO] [stdout] warning: trait objects without an explicit `dyn` are deprecated
[INFO] [stdout]   --> src/resources/changes_resource.rs:21:24
[INFO] [stdout]    |
[INFO] [stdout] 21 | type BoxResource = Box<Resource + Sync + Send>;
[INFO] [stdout]    |                        ^^^^^^^^^^^^^^^^^^^^^^ help: use `dyn`: `dyn Resource + Sync + Send`
[INFO] [stdout] 
[INFO] [stdout] 
[INFO] [stdout] warning: trait objects without an explicit `dyn` are deprecated
[INFO] [stdout]    --> src/resources/changes_resource.rs:100:54
[INFO] [stdout]     |
[INFO] [stdout] 100 |     pub fn lookup(&self, query: Option<&str>) -> Box<Future<Item=Option<BoxResource>, Error=::web::Error>> {
[INFO] [stdout]     |                                                      ^^^^^^^^^^^^^^^^^^^^^^^^^^^^^^^^^^^^^^^^^^^^^^^^^^^^ help: use `dyn`: `dyn Future<Item=Option<BoxResource>, Error=::web::Error>`
[INFO] [stdout] 
[INFO] [stdout] 
[INFO] [stdout] warning: trait objects without an explicit `dyn` are deprecated
[INFO] [stdout]    --> src/resources/changes_resource.rs:157:32
[INFO] [stdout]     |
[INFO] [stdout] 157 |                     })) as Box<Future<Item=Option<BoxResource>, Error=::web::Error>>
[INFO] [stdout]     |                                ^^^^^^^^^^^^^^^^^^^^^^^^^^^^^^^^^^^^^^^^^^^^^^^^^^^^ help: use `dyn`: `dyn Future<Item=Option<BoxResource>, Error=::web::Error>`
[INFO] [stdout] 
[INFO] [stdout] 
[INFO] [stdout] warning: the item `Iterator` is imported redundantly
[INFO] [stdout]    --> src/resources/changes_resource.rs:297:21
[INFO] [stdout]     |
[INFO] [stdout] 297 |                 use std::iter::Iterator;
[INFO] [stdout]     |                     ^^^^^^^^^^^^^^^^^^^
[INFO] [stdout] 
[INFO] [stdout] 
[INFO] [stdout] warning: trait objects without an explicit `dyn` are deprecated
[INFO] [stdout]   --> src/resources/diff_resource.rs:21:24
[INFO] [stdout]    |
[INFO] [stdout] 21 | type BoxResource = Box<Resource + Sync + Send>;
[INFO] [stdout]    |                        ^^^^^^^^^^^^^^^^^^^^^^ help: use `dyn`: `dyn Resource + Sync + Send`
[INFO] [stdout] 
[INFO] [stdout] 
[INFO] [stdout] warning: trait objects without an explicit `dyn` are deprecated
[INFO] [stdout]   --> src/resources/diff_resource.rs:51:71
[INFO] [stdout]    |
[INFO] [stdout] 51 |     pub fn lookup(&self, article_id: u32, query: Option<&str>) -> Box<Future<Item=Option<BoxResource>, Error=::web::Error>> {
[INFO] [stdout]    |                                                                       ^^^^^^^^^^^^^^^^^^^^^^^^^^^^^^^^^^^^^^^^^^^^^^^^^^^^ help: use `dyn`: `dyn Future<Item=Option<BoxResource>, Error=::web::Error>`
[INFO] [stdout] 
[INFO] [stdout] 
[INFO] [stdout] warning: trait objects without an explicit `dyn` are deprecated
[INFO] [stdout]   --> src/resources/search_resource.rs:17:24
[INFO] [stdout]    |
[INFO] [stdout] 17 | type BoxResource = Box<Resource + Sync + Send>;
[INFO] [stdout]    |                        ^^^^^^^^^^^^^^^^^^^^^^ help: use `dyn`: `dyn Resource + Sync + Send`
[INFO] [stdout] 
[INFO] [stdout] 
[INFO] [stdout] warning: trait objects without an explicit `dyn` are deprecated
[INFO] [stdout]   --> src/site.rs:96:59
[INFO] [stdout]    |
[INFO] [stdout] 96 |     fn internal_server_error(base: Option<&str>, err: Box<::std::error::Error + Send + Sync>) -> Response {
[INFO] [stdout]    |                                                           ^^^^^^^^^^^^^^^^^^^^^^^^^^^^^^^^^ help: use `dyn`: `dyn ::std::error::Error + Send + Sync`
[INFO] [stdout] 
[INFO] [stdout] 
[INFO] [stdout] warning: trait objects without an explicit `dyn` are deprecated
[INFO] [stdout]    --> src/site.rs:124:23
[INFO] [stdout]     |
[INFO] [stdout] 124 |     type Future = Box<futures::Future<Item = Response, Error = Self::Error>>;
[INFO] [stdout]     |                       ^^^^^^^^^^^^^^^^^^^^^^^^^^^^^^^^^^^^^^^^^^^^^^^^^^^^^ help: use `dyn`: `dyn futures::Future<Item = Response, Error = Self::Error>`
[INFO] [stdout] 
[INFO] [stdout] 
[INFO] [stdout] warning: trait objects without an explicit `dyn` are deprecated
[INFO] [stdout]   --> src/state.rs:21:22
[INFO] [stdout]    |
[INFO] [stdout] 21 | pub type Error = Box<std::error::Error + Send + Sync>;
[INFO] [stdout]    |                      ^^^^^^^^^^^^^^^^^^^^^^^^^^^^^^^ help: use `dyn`: `dyn std::error::Error + Send + Sync`
[INFO] [stdout] 
[INFO] [stdout] 
[INFO] [stdout] warning: the item `article_revisions` is imported redundantly
[INFO] [stdout]   --> src/state.rs:84:9
[INFO] [stdout]    |
[INFO] [stdout] 12 | use schema::*;
[INFO] [stdout]    |     --------- the item `article_revisions` is already imported here
[INFO] [stdout] ...
[INFO] [stdout] 84 |     use schema::article_revisions;
[INFO] [stdout]    |         ^^^^^^^^^^^^^^^^^^^^^^^^^
[INFO] [stdout] 
[INFO] [stdout] 
[INFO] [stdout] warning: the item `article_revisions` is imported redundantly
[INFO] [stdout]    --> src/state.rs:116:13
[INFO] [stdout]     |
[INFO] [stdout] 12  | use schema::*;
[INFO] [stdout]     |     --------- the item `article_revisions` is already imported here
[INFO] [stdout] ...
[INFO] [stdout] 116 |         use schema::article_revisions;
[INFO] [stdout]     |             ^^^^^^^^^^^^^^^^^^^^^^^^^
[INFO] [stdout] 
[INFO] [stdout] 
[INFO] [stdout] warning: the item `article_revisions` is imported redundantly
[INFO] [stdout]    --> src/state.rs:127:13
[INFO] [stdout]     |
[INFO] [stdout] 12  | use schema::*;
[INFO] [stdout]     |     --------- the item `article_revisions` is already imported here
[INFO] [stdout] ...
[INFO] [stdout] 127 |         use schema::article_revisions;
[INFO] [stdout]     |             ^^^^^^^^^^^^^^^^^^^^^^^^^
[INFO] [stdout] 
[INFO] [stdout] 
[INFO] [stdout] warning: the item `article_revisions` is imported redundantly
[INFO] [stdout]    --> src/state.rs:162:13
[INFO] [stdout]     |
[INFO] [stdout] 12  | use schema::*;
[INFO] [stdout]     |     --------- the item `article_revisions` is already imported here
[INFO] [stdout] ...
[INFO] [stdout] 162 |         use schema::article_revisions;
[INFO] [stdout]     |             ^^^^^^^^^^^^^^^^^^^^^^^^^
[INFO] [stdout] 
[INFO] [stdout] 
[INFO] [stdout] warning: the item `article_revisions` is imported redundantly
[INFO] [stdout]    --> src/state.rs:181:17
[INFO] [stdout]     |
[INFO] [stdout] 12  | use schema::*;
[INFO] [stdout]     |     --------- the item `article_revisions` is already imported here
[INFO] [stdout] ...
[INFO] [stdout] 181 |             use schema::article_revisions;
[INFO] [stdout]     |                 ^^^^^^^^^^^^^^^^^^^^^^^^^
[INFO] [stdout] 
[INFO] [stdout] 
[INFO] [stdout] warning: the item `article_revisions` is imported redundantly
[INFO] [stdout]    --> src/state.rs:282:17
[INFO] [stdout]     |
[INFO] [stdout] 12  | use schema::*;
[INFO] [stdout]     |     --------- the item `article_revisions` is already imported here
[INFO] [stdout] ...
[INFO] [stdout] 282 |             use schema::article_revisions;
[INFO] [stdout]     |                 ^^^^^^^^^^^^^^^^^^^^^^^^^
[INFO] [stdout] 
[INFO] [stdout] 
[INFO] [stdout] warning: unnecessary parentheses around type
[INFO] [stdout]    --> src/state.rs:360:23
[INFO] [stdout]     |
[INFO] [stdout] 360 |                 sql::<(diesel::sql_types::Integer)>("INSERT INTO articles VALUES (null)")
[INFO] [stdout]     |                       ^^^^^^^^^^^^^^^^^^^^^^^^^^^^ help: remove these parentheses
[INFO] [stdout] 
[INFO] [stdout] 
[INFO] [stdout] warning: unnecessary parentheses around type
[INFO] [stdout]    --> src/state.rs:362:23
[INFO] [stdout]     |
[INFO] [stdout] 362 |                 sql::<(diesel::sql_types::Integer)>("SELECT LAST_INSERT_ROWID()")
[INFO] [stdout]     |                       ^^^^^^^^^^^^^^^^^^^^^^^^^^^^ help: remove these parentheses
[INFO] [stdout] 
[INFO] [stdout] 
[INFO] [stdout] warning: trait objects without an explicit `dyn` are deprecated
[INFO] [stdout]    --> src/theme.rs:191:47
[INFO] [stdout]     |
[INFO] [stdout] 191 |     fn basic_db_roundtrip() -> Result<(), Box<Error>> {
[INFO] [stdout]     |                                               ^^^^^ help: use `dyn`: `dyn Error`
[INFO] [stdout] 
[INFO] [stdout] 
[INFO] [stdout] warning: trait objects without an explicit `dyn` are deprecated
[INFO] [stdout]    --> src/theme.rs:207:57
[INFO] [stdout]     |
[INFO] [stdout] 207 |     fn db_invalid_value_gives_error() -> Result<(), Box<Error>> {
[INFO] [stdout]     |                                                         ^^^^^ help: use `dyn`: `dyn Error`
[INFO] [stdout] 
[INFO] [stdout] 
[INFO] [stdout] warning: trait objects without an explicit `dyn` are deprecated
[INFO] [stdout]   --> src/web/resource.rs:11:22
[INFO] [stdout]    |
[INFO] [stdout] 11 | pub type Error = Box<std::error::Error + Send + Sync>;
[INFO] [stdout]    |                      ^^^^^^^^^^^^^^^^^^^^^^^^^^^^^^^ help: use `dyn`: `dyn std::error::Error + Send + Sync`
[INFO] [stdout] 
[INFO] [stdout] 
[INFO] [stdout] warning: trait objects without an explicit `dyn` are deprecated
[INFO] [stdout]   --> src/web/resource.rs:12:31
[INFO] [stdout]    |
[INFO] [stdout] 12 | pub type ResponseFuture = Box<futures::Future<Item = server::Response, Error = Error>>;
[INFO] [stdout]    |                               ^^^^^^^^^^^^^^^^^^^^^^^^^^^^^^^^^^^^^^^^^^^^^^^^^^^^^^^ help: use `dyn`: `dyn futures::Future<Item = server::Response, Error = Error>`
[INFO] [stdout] 
[INFO] [stdout] 
[INFO] [stdout] warning: trait objects without an explicit `dyn` are deprecated
[INFO] [stdout]   --> src/wiki_lookup.rs:17:24
[INFO] [stdout]    |
[INFO] [stdout] 17 | type BoxResource = Box<Resource + Sync + Send>;
[INFO] [stdout]    |                        ^^^^^^^^^^^^^^^^^^^^^^ help: use `dyn`: `dyn Resource + Sync + Send`
[INFO] [stdout] 
[INFO] [stdout] 
[INFO] [stdout] warning: trait objects without an explicit `dyn` are deprecated
[INFO] [stdout]   --> src/wiki_lookup.rs:18:23
[INFO] [stdout]    |
[INFO] [stdout] 18 | type ResourceFn = Box<Fn() -> BoxResource + Sync + Send>;
[INFO] [stdout]    |                       ^^^^^^^^^^^^^^^^^^^^^^^^^^^^^^^^^ help: use `dyn`: `dyn Fn() -> BoxResource + Sync + Send`
[INFO] [stdout] 
[INFO] [stdout] 
[INFO] [stdout] warning: trait objects without an explicit `dyn` are deprecated
[INFO] [stdout]   --> src/wiki_lookup.rs:58:43
[INFO] [stdout]    |
[INFO] [stdout] 58 |     FutureResult<Option<BoxResource>, Box<::std::error::Error + Send + Sync>>
[INFO] [stdout]    |                                           ^^^^^^^^^^^^^^^^^^^^^^^^^^^^^^^^^ help: use `dyn`: `dyn ::std::error::Error + Send + Sync`
[INFO] [stdout] 
[INFO] [stdout] 
[INFO] [stdout] warning: trait objects without an explicit `dyn` are deprecated
[INFO] [stdout]   --> src/wiki_lookup.rs:77:43
[INFO] [stdout]    |
[INFO] [stdout] 77 |     FutureResult<Option<BoxResource>, Box<::std::error::Error + Send + Sync>>
[INFO] [stdout]    |                                           ^^^^^^^^^^^^^^^^^^^^^^^^^^^^^^^^^ help: use `dyn`: `dyn ::std::error::Error + Send + Sync`
[INFO] [stdout] 
[INFO] [stdout] 
[INFO] [stdout] warning: trait objects without an explicit `dyn` are deprecated
[INFO] [stdout]    --> src/wiki_lookup.rs:252:22
[INFO] [stdout]     |
[INFO] [stdout] 252 |     type Error = Box<::std::error::Error + Send + Sync>;
[INFO] [stdout]     |                      ^^^^^^^^^^^^^^^^^^^^^^^^^^^^^^^^^ help: use `dyn`: `dyn ::std::error::Error + Send + Sync`
[INFO] [stdout] 
[INFO] [stdout] 
[INFO] [stdout] warning: trait objects without an explicit `dyn` are deprecated
[INFO] [stdout]    --> src/wiki_lookup.rs:253:23
[INFO] [stdout]     |
[INFO] [stdout] 253 |     type Future = Box<Future<Item = Option<Self::Resource>, Error = Self::Error>>;
[INFO] [stdout]     |                       ^^^^^^^^^^^^^^^^^^^^^^^^^^^^^^^^^^^^^^^^^^^^^^^^^^^^^^^^^^ help: use `dyn`: `dyn Future<Item = Option<Self::Resource>, Error = Self::Error>`
[INFO] [stdout] 
[INFO] [stdout] 
[INFO] [stdout] warning: trait objects without an explicit `dyn` are deprecated
[INFO] [stdout]   --> src/lib.rs:55:105
[INFO] [stdout]    |
[INFO] [stdout] 55 | pub fn main(db_file: String, bind_host: IpAddr, bind_port: u16, trust_identity: bool) -> Result<(), Box<std::error::Error>> {
[INFO] [stdout]    |                                                                                                         ^^^^^^^^^^^^^^^^^ help: use `dyn`: `dyn std::error::Error`
[INFO] [stdout] 
[INFO] [stdout] 
[INFO] [stdout] warning: use of deprecated constant `std::sync::ONCE_INIT`: the `new` function is now preferred
[INFO] [stdout]   --> src/assets.rs:37:5
[INFO] [stdout]    |
[INFO] [stdout] 37 | /     lazy_static! {
[INFO] [stdout] 38 | |         pub static ref ASSETS_MAP: HashMap<&'static str, ResourceFn> = hashmap!{
[INFO] [stdout] 39 | |             // The CSS should be built to a single CSS file at compile time
[INFO] [stdout] 40 | |             ThemesCss::resource_name() =>
[INFO] [stdout] ...  |
[INFO] [stdout] 51 | |         };
[INFO] [stdout] 52 | |     }
[INFO] [stdout]    | |_____^
[INFO] [stdout]    |
[INFO] [stdout]    = note: `#[warn(deprecated)]` on by default
[INFO] [stdout]    = note: this warning originates in a macro (in Nightly builds, run with -Z macro-backtrace for more info)
[INFO] [stdout] 
[INFO] [stdout] 
[INFO] [stdout] warning: use of deprecated constant `std::sync::ONCE_INIT`: the `new` function is now preferred
[INFO] [stdout]   --> src/build_config.rs:13:1
[INFO] [stdout]    |
[INFO] [stdout] 13 | / lazy_static! {
[INFO] [stdout] 14 | |     pub static ref VERSION: String = || -> String {
[INFO] [stdout] 15 | |         let mut components = Vec::<String>::new();
[INFO] [stdout] 16 | |
[INFO] [stdout] ...  |
[INFO] [stdout] 56 | |         format!("{}/{}", PROJECT_NAME, VERSION.as_str());
[INFO] [stdout] 57 | | }
[INFO] [stdout]    | |_^
[INFO] [stdout]    |
[INFO] [stdout]    = note: this warning originates in a macro (in Nightly builds, run with -Z macro-backtrace for more info)
[INFO] [stdout] 
[INFO] [stdout] 
[INFO] [stdout] warning: use of deprecated constant `std::sync::ONCE_INIT`: the `new` function is now preferred
[INFO] [stdout]   --> src/build_config.rs:13:1
[INFO] [stdout]    |
[INFO] [stdout] 13 | / lazy_static! {
[INFO] [stdout] 14 | |     pub static ref VERSION: String = || -> String {
[INFO] [stdout] 15 | |         let mut components = Vec::<String>::new();
[INFO] [stdout] 16 | |
[INFO] [stdout] ...  |
[INFO] [stdout] 56 | |         format!("{}/{}", PROJECT_NAME, VERSION.as_str());
[INFO] [stdout] 57 | | }
[INFO] [stdout]    | |_^
[INFO] [stdout]    |
[INFO] [stdout]    = note: this warning originates in a macro (in Nightly builds, run with -Z macro-backtrace for more info)
[INFO] [stdout] 
[INFO] [stdout] 
[INFO] [stdout] warning: use of deprecated constant `std::sync::ONCE_INIT`: the `new` function is now preferred
[INFO] [stdout]  --> src/mimes.rs:3:1
[INFO] [stdout]   |
[INFO] [stdout] 3 | / lazy_static! {
[INFO] [stdout] 4 | |     pub static ref TEXT_HTML: mime::Mime = "text/html;charset=utf-8".parse().unwrap();
[INFO] [stdout] 5 | |     pub static ref TEXT_PLAIN: mime::Mime = "text/plain;charset=utf-8".parse().unwrap();
[INFO] [stdout] 6 | |     pub static ref APPLICATION_JSON: mime::Mime = "application/json".parse().unwrap();
[INFO] [stdout] 7 | | }
[INFO] [stdout]   | |_^
[INFO] [stdout]   |
[INFO] [stdout]   = note: this warning originates in a macro (in Nightly builds, run with -Z macro-backtrace for more info)
[INFO] [stdout] 
[INFO] [stdout] 
[INFO] [stdout] warning: use of deprecated constant `std::sync::ONCE_INIT`: the `new` function is now preferred
[INFO] [stdout]  --> src/mimes.rs:3:1
[INFO] [stdout]   |
[INFO] [stdout] 3 | / lazy_static! {
[INFO] [stdout] 4 | |     pub static ref TEXT_HTML: mime::Mime = "text/html;charset=utf-8".parse().unwrap();
[INFO] [stdout] 5 | |     pub static ref TEXT_PLAIN: mime::Mime = "text/plain;charset=utf-8".parse().unwrap();
[INFO] [stdout] 6 | |     pub static ref APPLICATION_JSON: mime::Mime = "application/json".parse().unwrap();
[INFO] [stdout] 7 | | }
[INFO] [stdout]   | |_^
[INFO] [stdout]   |
[INFO] [stdout]   = note: this warning originates in a macro (in Nightly builds, run with -Z macro-backtrace for more info)
[INFO] [stdout] 
[INFO] [stdout] 
[INFO] [stdout] warning: use of deprecated constant `std::sync::ONCE_INIT`: the `new` function is now preferred
[INFO] [stdout]  --> src/mimes.rs:3:1
[INFO] [stdout]   |
[INFO] [stdout] 3 | / lazy_static! {
[INFO] [stdout] 4 | |     pub static ref TEXT_HTML: mime::Mime = "text/html;charset=utf-8".parse().unwrap();
[INFO] [stdout] 5 | |     pub static ref TEXT_PLAIN: mime::Mime = "text/plain;charset=utf-8".parse().unwrap();
[INFO] [stdout] 6 | |     pub static ref APPLICATION_JSON: mime::Mime = "application/json".parse().unwrap();
[INFO] [stdout] 7 | | }
[INFO] [stdout]   | |_^
[INFO] [stdout]   |
[INFO] [stdout]   = note: this warning originates in a macro (in Nightly builds, run with -Z macro-backtrace for more info)
[INFO] [stdout] 
[INFO] [stdout] 
[INFO] [stdout] warning: use of deprecated constant `std::sync::ONCE_INIT`: the `new` function is now preferred
[INFO] [stdout]   --> src/site.rs:18:1
[INFO] [stdout]    |
[INFO] [stdout] 18 | / lazy_static! {
[INFO] [stdout] 19 | |     static ref TEXT_HTML: mime::Mime = "text/html;charset=utf-8".parse().unwrap();
[INFO] [stdout] 20 | |     static ref SERVER: Server =
[INFO] [stdout] 21 | |         Server::new(build_config::HTTP_SERVER.as_str());
[INFO] [stdout] 22 | | }
[INFO] [stdout]    | |_^
[INFO] [stdout]    |
[INFO] [stdout]    = note: this warning originates in a macro (in Nightly builds, run with -Z macro-backtrace for more info)
[INFO] [stdout] 
[INFO] [stdout] 
[INFO] [stdout] warning: use of deprecated constant `std::sync::ONCE_INIT`: the `new` function is now preferred
[INFO] [stdout]   --> src/site.rs:18:1
[INFO] [stdout]    |
[INFO] [stdout] 18 | / lazy_static! {
[INFO] [stdout] 19 | |     static ref TEXT_HTML: mime::Mime = "text/html;charset=utf-8".parse().unwrap();
[INFO] [stdout] 20 | |     static ref SERVER: Server =
[INFO] [stdout] 21 | |         Server::new(build_config::HTTP_SERVER.as_str());
[INFO] [stdout] 22 | | }
[INFO] [stdout]    | |_^
[INFO] [stdout]    |
[INFO] [stdout]    = note: this warning originates in a macro (in Nightly builds, run with -Z macro-backtrace for more info)
[INFO] [stdout] 
[INFO] [stdout] 
[INFO] [stdout] warning: use of deprecated constant `std::sync::ONCE_INIT`: the `new` function is now preferred
[INFO] [stdout]  --> src/web/resource.rs:7:1
[INFO] [stdout]   |
[INFO] [stdout] 7 | / lazy_static! {
[INFO] [stdout] 8 | |     static ref TEXT_PLAIN: mime::Mime = "text/plain;charset=utf-8".parse().unwrap();
[INFO] [stdout] 9 | | }
[INFO] [stdout]   | |_^
[INFO] [stdout]   |
[INFO] [stdout]   = note: this warning originates in a macro (in Nightly builds, run with -Z macro-backtrace for more info)
[INFO] [stdout] 
[INFO] [stdout] 
[INFO] [stdout] warning: use of deprecated constant `std::sync::ONCE_INIT`: the `new` function is now preferred
[INFO] [stdout]   --> src/wiki_lookup.rs:20:1
[INFO] [stdout]    |
[INFO] [stdout] 20 | / lazy_static! {
[INFO] [stdout] 21 | |     static ref LICENSES_MAP: HashMap<&'static str, ResourceFn> = hashmap!{
[INFO] [stdout] 22 | |         "bsd-3-clause" => Box::new(|| Box::new(
[INFO] [stdout] 23 | |             HtmlResource::new(Some("../"), "The 3-Clause BSD License", include_str!("licenses/bsd-3-clause.html"))
[INFO] [stdout] ...  |
[INFO] [stdout] 37 | |     };
[INFO] [stdout] 38 | | }
[INFO] [stdout]    | |_^
[INFO] [stdout]    |
[INFO] [stdout]    = note: this warning originates in a macro (in Nightly builds, run with -Z macro-backtrace for more info)
[INFO] [stdout] 
[INFO] [stdout] 
[INFO] [stdout] warning: use of deprecated constant `std::sync::ONCE_INIT`: the `new` function is now preferred
[INFO] [stdout]   --> src/assets.rs:37:5
[INFO] [stdout]    |
[INFO] [stdout] 37 | /     lazy_static! {
[INFO] [stdout] 38 | |         pub static ref ASSETS_MAP: HashMap<&'static str, ResourceFn> = hashmap!{
[INFO] [stdout] 39 | |             // The CSS should be built to a single CSS file at compile time
[INFO] [stdout] 40 | |             ThemesCss::resource_name() =>
[INFO] [stdout] ...  |
[INFO] [stdout] 51 | |         };
[INFO] [stdout] 52 | |     }
[INFO] [stdout]    | |_____^
[INFO] [stdout]    |
[INFO] [stdout]    = note: `#[warn(deprecated)]` on by default
[INFO] [stdout]    = note: this warning originates in a macro (in Nightly builds, run with -Z macro-backtrace for more info)
[INFO] [stdout] 
[INFO] [stdout] 
[INFO] [stdout] warning: use of deprecated constant `std::sync::ONCE_INIT`: the `new` function is now preferred
[INFO] [stdout]   --> src/build_config.rs:13:1
[INFO] [stdout]    |
[INFO] [stdout] 13 | / lazy_static! {
[INFO] [stdout] 14 | |     pub static ref VERSION: String = || -> String {
[INFO] [stdout] 15 | |         let mut components = Vec::<String>::new();
[INFO] [stdout] 16 | |
[INFO] [stdout] ...  |
[INFO] [stdout] 56 | |         format!("{}/{}", PROJECT_NAME, VERSION.as_str());
[INFO] [stdout] 57 | | }
[INFO] [stdout]    | |_^
[INFO] [stdout]    |
[INFO] [stdout]    = note: this warning originates in a macro (in Nightly builds, run with -Z macro-backtrace for more info)
[INFO] [stdout] 
[INFO] [stdout] 
[INFO] [stdout] warning: use of deprecated constant `std::sync::ONCE_INIT`: the `new` function is now preferred
[INFO] [stdout]   --> src/build_config.rs:13:1
[INFO] [stdout]    |
[INFO] [stdout] 13 | / lazy_static! {
[INFO] [stdout] 14 | |     pub static ref VERSION: String = || -> String {
[INFO] [stdout] 15 | |         let mut components = Vec::<String>::new();
[INFO] [stdout] 16 | |
[INFO] [stdout] ...  |
[INFO] [stdout] 56 | |         format!("{}/{}", PROJECT_NAME, VERSION.as_str());
[INFO] [stdout] 57 | | }
[INFO] [stdout]    | |_^
[INFO] [stdout]    |
[INFO] [stdout]    = note: this warning originates in a macro (in Nightly builds, run with -Z macro-backtrace for more info)
[INFO] [stdout] 
[INFO] [stdout] 
[INFO] [stdout] warning: use of deprecated constant `std::sync::ONCE_INIT`: the `new` function is now preferred
[INFO] [stdout]  --> src/mimes.rs:3:1
[INFO] [stdout]   |
[INFO] [stdout] 3 | / lazy_static! {
[INFO] [stdout] 4 | |     pub static ref TEXT_HTML: mime::Mime = "text/html;charset=utf-8".parse().unwrap();
[INFO] [stdout] 5 | |     pub static ref TEXT_PLAIN: mime::Mime = "text/plain;charset=utf-8".parse().unwrap();
[INFO] [stdout] 6 | |     pub static ref APPLICATION_JSON: mime::Mime = "application/json".parse().unwrap();
[INFO] [stdout] 7 | | }
[INFO] [stdout]   | |_^
[INFO] [stdout]   |
[INFO] [stdout]   = note: this warning originates in a macro (in Nightly builds, run with -Z macro-backtrace for more info)
[INFO] [stdout] 
[INFO] [stdout] 
[INFO] [stdout] warning: use of deprecated constant `std::sync::ONCE_INIT`: the `new` function is now preferred
[INFO] [stdout]  --> src/mimes.rs:3:1
[INFO] [stdout]   |
[INFO] [stdout] 3 | / lazy_static! {
[INFO] [stdout] 4 | |     pub static ref TEXT_HTML: mime::Mime = "text/html;charset=utf-8".parse().unwrap();
[INFO] [stdout] 5 | |     pub static ref TEXT_PLAIN: mime::Mime = "text/plain;charset=utf-8".parse().unwrap();
[INFO] [stdout] 6 | |     pub static ref APPLICATION_JSON: mime::Mime = "application/json".parse().unwrap();
[INFO] [stdout] 7 | | }
[INFO] [stdout]   | |_^
[INFO] [stdout]   |
[INFO] [stdout]   = note: this warning originates in a macro (in Nightly builds, run with -Z macro-backtrace for more info)
[INFO] [stdout] 
[INFO] [stdout] 
[INFO] [stdout] warning: use of deprecated constant `std::sync::ONCE_INIT`: the `new` function is now preferred
[INFO] [stdout]  --> src/mimes.rs:3:1
[INFO] [stdout]   |
[INFO] [stdout] 3 | / lazy_static! {
[INFO] [stdout] 4 | |     pub static ref TEXT_HTML: mime::Mime = "text/html;charset=utf-8".parse().unwrap();
[INFO] [stdout] 5 | |     pub static ref TEXT_PLAIN: mime::Mime = "text/plain;charset=utf-8".parse().unwrap();
[INFO] [stdout] 6 | |     pub static ref APPLICATION_JSON: mime::Mime = "application/json".parse().unwrap();
[INFO] [stdout] 7 | | }
[INFO] [stdout]   | |_^
[INFO] [stdout]   |
[INFO] [stdout]   = note: this warning originates in a macro (in Nightly builds, run with -Z macro-backtrace for more info)
[INFO] [stdout] 
[INFO] [stdout] 
[INFO] [stdout] warning: use of deprecated constant `std::sync::ONCE_INIT`: the `new` function is now preferred
[INFO] [stdout]   --> src/site.rs:18:1
[INFO] [stdout]    |
[INFO] [stdout] 18 | / lazy_static! {
[INFO] [stdout] 19 | |     static ref TEXT_HTML: mime::Mime = "text/html;charset=utf-8".parse().unwrap();
[INFO] [stdout] 20 | |     static ref SERVER: Server =
[INFO] [stdout] 21 | |         Server::new(build_config::HTTP_SERVER.as_str());
[INFO] [stdout] 22 | | }
[INFO] [stdout]    | |_^
[INFO] [stdout]    |
[INFO] [stdout]    = note: this warning originates in a macro (in Nightly builds, run with -Z macro-backtrace for more info)
[INFO] [stdout] 
[INFO] [stdout] 
[INFO] [stdout] warning: use of deprecated constant `std::sync::ONCE_INIT`: the `new` function is now preferred
[INFO] [stdout]   --> src/site.rs:18:1
[INFO] [stdout]    |
[INFO] [stdout] 18 | / lazy_static! {
[INFO] [stdout] 19 | |     static ref TEXT_HTML: mime::Mime = "text/html;charset=utf-8".parse().unwrap();
[INFO] [stdout] 20 | |     static ref SERVER: Server =
[INFO] [stdout] 21 | |         Server::new(build_config::HTTP_SERVER.as_str());
[INFO] [stdout] 22 | | }
[INFO] [stdout]    | |_^
[INFO] [stdout]    |
[INFO] [stdout]    = note: this warning originates in a macro (in Nightly builds, run with -Z macro-backtrace for more info)
[INFO] [stdout] 
[INFO] [stdout] 
[INFO] [stdout] warning: use of deprecated constant `std::sync::ONCE_INIT`: the `new` function is now preferred
[INFO] [stdout]  --> src/web/resource.rs:7:1
[INFO] [stdout]   |
[INFO] [stdout] 7 | / lazy_static! {
[INFO] [stdout] 8 | |     static ref TEXT_PLAIN: mime::Mime = "text/plain;charset=utf-8".parse().unwrap();
[INFO] [stdout] 9 | | }
[INFO] [stdout]   | |_^
[INFO] [stdout]   |
[INFO] [stdout]   = note: this warning originates in a macro (in Nightly builds, run with -Z macro-backtrace for more info)
[INFO] [stdout] 
[INFO] [stdout] 
[INFO] [stdout] warning: use of deprecated constant `std::sync::ONCE_INIT`: the `new` function is now preferred
[INFO] [stdout]   --> src/wiki_lookup.rs:20:1
[INFO] [stdout]    |
[INFO] [stdout] 20 | / lazy_static! {
[INFO] [stdout] 21 | |     static ref LICENSES_MAP: HashMap<&'static str, ResourceFn> = hashmap!{
[INFO] [stdout] 22 | |         "bsd-3-clause" => Box::new(|| Box::new(
[INFO] [stdout] 23 | |             HtmlResource::new(Some("../"), "The 3-Clause BSD License", include_str!("licenses/bsd-3-clause.html"))
[INFO] [stdout] ...  |
[INFO] [stdout] 37 | |     };
[INFO] [stdout] 38 | | }
[INFO] [stdout]    | |_^
[INFO] [stdout]    |
[INFO] [stdout]    = note: this warning originates in a macro (in Nightly builds, run with -Z macro-backtrace for more info)
[INFO] [stdout] 
[INFO] [stdout] 
[INFO] [stdout] error[E0599]: no function or associated item named `resource_name` found for struct `static_assets::ThemesCss` in the current scope
[INFO] [stdout]   --> src/assets.rs:40:24
[INFO] [stdout]    |
[INFO] [stdout] 11 |     pub struct ThemesCss;
[INFO] [stdout]    |     --------------------- function or associated item `resource_name` not found for this
[INFO] [stdout] ...
[INFO] [stdout] 40 |             ThemesCss::resource_name() =>
[INFO] [stdout]    |                        ^^^^^^^^^^^^^ function or associated item not found in `static_assets::ThemesCss`
[INFO] [stdout] 
[INFO] [stdout] 
[INFO] [stdout] error[E0599]: no function or associated item named `resource_name` found for struct `static_assets::StyleCss` in the current scope
[INFO] [stdout]   --> src/assets.rs:43:23
[INFO] [stdout]    |
[INFO] [stdout] 16 |     pub struct StyleCss;
[INFO] [stdout]    |     -------------------- function or associated item `resource_name` not found for this
[INFO] [stdout] ...
[INFO] [stdout] 43 |             StyleCss::resource_name() =>
[INFO] [stdout]    |                       ^^^^^^^^^^^^^ function or associated item not found in `static_assets::StyleCss`
[INFO] [stdout] 
[INFO] [stdout] 
[INFO] [stdout] error[E0599]: no function or associated item named `resource_name` found for struct `static_assets::ScriptJs` in the current scope
[INFO] [stdout]   --> src/assets.rs:46:23
[INFO] [stdout]    |
[INFO] [stdout] 21 |     pub struct ScriptJs;
[INFO] [stdout]    |     -------------------- function or associated item `resource_name` not found for this
[INFO] [stdout] ...
[INFO] [stdout] 46 |             ScriptJs::resource_name() =>
[INFO] [stdout]    |                       ^^^^^^^^^^^^^ function or associated item not found in `static_assets::ScriptJs`
[INFO] [stdout] 
[INFO] [stdout] 
[INFO] [stdout] error[E0599]: no function or associated item named `resource_name` found for struct `static_assets::SearchJs` in the current scope
[INFO] [stdout]   --> src/assets.rs:49:23
[INFO] [stdout]    |
[INFO] [stdout] 26 |     pub struct SearchJs;
[INFO] [stdout]    |     -------------------- function or associated item `resource_name` not found for this
[INFO] [stdout] ...
[INFO] [stdout] 49 |             SearchJs::resource_name() =>
[INFO] [stdout]    |                       ^^^^^^^^^^^^^ function or associated item not found in `static_assets::SearchJs`
[INFO] [stdout] 
[INFO] [stdout] 
[INFO] [stdout] error[E0277]: the trait bound `static_assets::ThemesCss: resource::Resource` is not satisfied
[INFO] [stdout]   --> src/assets.rs:41:29
[INFO] [stdout]    |
[INFO] [stdout] 41 |                 Box::new(|| Box::new(ThemesCss) as BoxResource) as ResourceFn,
[INFO] [stdout]    |                             ^^^^^^^^^^^^^^^^^^^ the trait `resource::Resource` is not implemented for `static_assets::ThemesCss`
[INFO] [stdout]    |
[INFO] [stdout]    = note: required for the cast to the object type `dyn resource::Resource + Sync + std::marker::Send`
[INFO] [stdout] 
[INFO] [stdout] 
[INFO] [stdout] error[E0277]: the trait bound `static_assets::StyleCss: resource::Resource` is not satisfied
[INFO] [stdout]   --> src/assets.rs:44:29
[INFO] [stdout]    |
[INFO] [stdout] 44 |                 Box::new(|| Box::new(StyleCss) as BoxResource) as ResourceFn,
[INFO] [stdout]    |                             ^^^^^^^^^^^^^^^^^^ the trait `resource::Resource` is not implemented for `static_assets::StyleCss`
[INFO] [stdout]    |
[INFO] [stdout]    = note: required for the cast to the object type `dyn resource::Resource + Sync + std::marker::Send`
[INFO] [stdout] 
[INFO] [stdout] 
[INFO] [stdout] error[E0277]: the trait bound `static_assets::ScriptJs: resource::Resource` is not satisfied
[INFO] [stdout]   --> src/assets.rs:47:29
[INFO] [stdout]    |
[INFO] [stdout] 47 |                 Box::new(|| Box::new(ScriptJs) as BoxResource) as ResourceFn,
[INFO] [stdout]    |                             ^^^^^^^^^^^^^^^^^^ the trait `resource::Resource` is not implemented for `static_assets::ScriptJs`
[INFO] [stdout]    |
[INFO] [stdout]    = note: required for the cast to the object type `dyn resource::Resource + Sync + std::marker::Send`
[INFO] [stdout] 
[INFO] [stdout] 
[INFO] [stdout] error[E0277]: the trait bound `static_assets::SearchJs: resource::Resource` is not satisfied
[INFO] [stdout]   --> src/assets.rs:50:29
[INFO] [stdout]    |
[INFO] [stdout] 50 |                 Box::new(|| Box::new(SearchJs) as BoxResource) as ResourceFn,
[INFO] [stdout]    |                             ^^^^^^^^^^^^^^^^^^ the trait `resource::Resource` is not implemented for `static_assets::SearchJs`
[INFO] [stdout]    |
[INFO] [stdout]    = note: required for the cast to the object type `dyn resource::Resource + Sync + std::marker::Send`
[INFO] [stdout] 
[INFO] [stdout] 
[INFO] [stdout] warning: use of deprecated associated function `std::error::Error::description`: use the Display impl or to_string()
[INFO] [stdout]   --> src/resources/pagination.rs:11:49
[INFO] [stdout]    |
[INFO] [stdout] 11 |         write!(f, "{}", (self as &error::Error).description())
[INFO] [stdout]    |                                                 ^^^^^^^^^^^
[INFO] [stdout] 
[INFO] [stdout] 
[INFO] [stdout] error[E0599]: no function or associated item named `resource_name` found for struct `static_assets::ThemesCss` in the current scope
[INFO] [stdout]   --> src/assets.rs:40:24
[INFO] [stdout]    |
[INFO] [stdout] 11 |     pub struct ThemesCss;
[INFO] [stdout]    |     --------------------- function or associated item `resource_name` not found for this
[INFO] [stdout] ...
[INFO] [stdout] 40 |             ThemesCss::resource_name() =>
[INFO] [stdout]    |                        ^^^^^^^^^^^^^ function or associated item not found in `static_assets::ThemesCss`
[INFO] [stdout] 
[INFO] [stdout] 
[INFO] [stdout] error[E0599]: no function or associated item named `resource_name` found for struct `static_assets::StyleCss` in the current scope
[INFO] [stdout]   --> src/assets.rs:43:23
[INFO] [stdout]    |
[INFO] [stdout] 16 |     pub struct StyleCss;
[INFO] [stdout]    |     -------------------- function or associated item `resource_name` not found for this
[INFO] [stdout] ...
[INFO] [stdout] 43 |             StyleCss::resource_name() =>
[INFO] [stdout]    |                       ^^^^^^^^^^^^^ function or associated item not found in `static_assets::StyleCss`
[INFO] [stdout] 
[INFO] [stdout] 
[INFO] [stdout] error[E0599]: no function or associated item named `resource_name` found for struct `static_assets::ScriptJs` in the current scope
[INFO] [stdout]   --> src/assets.rs:46:23
[INFO] [stdout]    |
[INFO] [stdout] 21 |     pub struct ScriptJs;
[INFO] [stdout]    |     -------------------- function or associated item `resource_name` not found for this
[INFO] [stdout] ...
[INFO] [stdout] 46 |             ScriptJs::resource_name() =>
[INFO] [stdout]    |                       ^^^^^^^^^^^^^ function or associated item not found in `static_assets::ScriptJs`
[INFO] [stdout] 
[INFO] [stdout] 
[INFO] [stdout] error[E0599]: no function or associated item named `resource_name` found for struct `static_assets::SearchJs` in the current scope
[INFO] [stdout]   --> src/assets.rs:49:23
[INFO] [stdout]    |
[INFO] [stdout] 26 |     pub struct SearchJs;
[INFO] [stdout]    |     -------------------- function or associated item `resource_name` not found for this
[INFO] [stdout] ...
[INFO] [stdout] 49 |             SearchJs::resource_name() =>
[INFO] [stdout]    |                       ^^^^^^^^^^^^^ function or associated item not found in `static_assets::SearchJs`
[INFO] [stdout] 
[INFO] [stdout] 
[INFO] [stdout] error[E0277]: the trait bound `static_assets::ThemesCss: resource::Resource` is not satisfied
[INFO] [stdout]   --> src/assets.rs:41:29
[INFO] [stdout]    |
[INFO] [stdout] 41 |                 Box::new(|| Box::new(ThemesCss) as BoxResource) as ResourceFn,
[INFO] [stdout]    |                             ^^^^^^^^^^^^^^^^^^^ the trait `resource::Resource` is not implemented for `static_assets::ThemesCss`
[INFO] [stdout]    |
[INFO] [stdout]    = note: required for the cast to the object type `dyn resource::Resource + Sync + std::marker::Send`
[INFO] [stdout] 
[INFO] [stdout] 
[INFO] [stdout] error[E0277]: the trait bound `static_assets::StyleCss: resource::Resource` is not satisfied
[INFO] [stdout]   --> src/assets.rs:44:29
[INFO] [stdout]    |
[INFO] [stdout] 44 |                 Box::new(|| Box::new(StyleCss) as BoxResource) as ResourceFn,
[INFO] [stdout]    |                             ^^^^^^^^^^^^^^^^^^ the trait `resource::Resource` is not implemented for `static_assets::StyleCss`
[INFO] [stdout]    |
[INFO] [stdout]    = note: required for the cast to the object type `dyn resource::Resource + Sync + std::marker::Send`
[INFO] [stdout] 
[INFO] [stdout] 
[INFO] [stdout] error[E0277]: the trait bound `static_assets::ScriptJs: resource::Resource` is not satisfied
[INFO] [stdout]   --> src/assets.rs:47:29
[INFO] [stdout]    |
[INFO] [stdout] 47 |                 Box::new(|| Box::new(ScriptJs) as BoxResource) as ResourceFn,
[INFO] [stdout]    |                             ^^^^^^^^^^^^^^^^^^ the trait `resource::Resource` is not implemented for `static_assets::ScriptJs`
[INFO] [stdout]    |
[INFO] [stdout]    = note: required for the cast to the object type `dyn resource::Resource + Sync + std::marker::Send`
[INFO] [stdout] 
[INFO] [stdout] 
[INFO] [stdout] error[E0277]: the trait bound `static_assets::SearchJs: resource::Resource` is not satisfied
[INFO] [stdout]   --> src/assets.rs:50:29
[INFO] [stdout]    |
[INFO] [stdout] 50 |                 Box::new(|| Box::new(SearchJs) as BoxResource) as ResourceFn,
[INFO] [stdout]    |                             ^^^^^^^^^^^^^^^^^^ the trait `resource::Resource` is not implemented for `static_assets::SearchJs`
[INFO] [stdout]    |
[INFO] [stdout]    = note: required for the cast to the object type `dyn resource::Resource + Sync + std::marker::Send`
[INFO] [stdout] 
[INFO] [stdout] 
[INFO] [stdout] error[E0599]: no function or associated item named `resource_name` found for struct `static_assets::ScriptJs` in the current scope
[INFO] [stdout]   --> src/resources/article_resource.rs:40:19
[INFO] [stdout]    |
[INFO] [stdout] 40 |         ScriptJs::resource_name()
[INFO] [stdout]    |                   ^^^^^^^^^^^^^ function or associated item not found in `static_assets::ScriptJs`
[INFO] [stdout]    | 
[INFO] [stdout]   ::: src/assets.rs:21:5
[INFO] [stdout]    |
[INFO] [stdout] 21 |     pub struct ScriptJs;
[INFO] [stdout]    |     -------------------- function or associated item `resource_name` not found for this
[INFO] [stdout] 
[INFO] [stdout] 
[INFO] [stdout] warning: use of deprecated associated function `std::error::Error::description`: use the Display impl or to_string()
[INFO] [stdout]   --> src/resources/pagination.rs:11:49
[INFO] [stdout]    |
[INFO] [stdout] 11 |         write!(f, "{}", (self as &error::Error).description())
[INFO] [stdout]    |                                                 ^^^^^^^^^^^
[INFO] [stdout] 
[INFO] [stdout] 
[INFO] [stdout] error[E0599]: no function or associated item named `resource_name` found for struct `static_assets::ScriptJs` in the current scope
[INFO] [stdout]   --> src/resources/article_resource.rs:40:19
[INFO] [stdout]    |
[INFO] [stdout] 40 |         ScriptJs::resource_name()
[INFO] [stdout]    |                   ^^^^^^^^^^^^^ function or associated item not found in `static_assets::ScriptJs`
[INFO] [stdout]    | 
[INFO] [stdout]   ::: src/assets.rs:21:5
[INFO] [stdout]    |
[INFO] [stdout] 21 |     pub struct ScriptJs;
[INFO] [stdout]    |     -------------------- function or associated item `resource_name` not found for this
[INFO] [stdout] 
[INFO] [stdout] 
[INFO] [stdout] error[E0599]: no function or associated item named `resource_name` found for struct `static_assets::ScriptJs` in the current scope
[INFO] [stdout]   --> src/resources/new_article_resource.rs:83:27
[INFO] [stdout]    |
[INFO] [stdout] 83 |                 ScriptJs::resource_name()
[INFO] [stdout]    |                           ^^^^^^^^^^^^^ function or associated item not found in `static_assets::ScriptJs`
[INFO] [stdout]    | 
[INFO] [stdout]   ::: src/assets.rs:21:5
[INFO] [stdout]    |
[INFO] [stdout] 21 |     pub struct ScriptJs;
[INFO] [stdout]    |     -------------------- function or associated item `resource_name` not found for this
[INFO] [stdout] 
[INFO] [stdout] 
[INFO] [stdout] error[E0599]: no function or associated item named `resource_name` found for struct `static_assets::ThemesCss` in the current scope
[INFO] [stdout]   --> src/site.rs:36:51
[INFO] [stdout]    |
[INFO] [stdout] 36 |     pub fn themes_css(&self) -> &str { ThemesCss::resource_name() }
[INFO] [stdout]    |                                                   ^^^^^^^^^^^^^ function or associated item not found in `static_assets::ThemesCss`
[INFO] [stdout]    | 
[INFO] [stdout]   ::: src/assets.rs:11:5
[INFO] [stdout]    |
[INFO] [stdout] 11 |     pub struct ThemesCss;
[INFO] [stdout]    |     --------------------- function or associated item `resource_name` not found for this
[INFO] [stdout] 
[INFO] [stdout] 
[INFO] [stdout] error[E0599]: no function or associated item named `resource_name` found for struct `static_assets::StyleCss` in the current scope
[INFO] [stdout]   --> src/site.rs:37:49
[INFO] [stdout]    |
[INFO] [stdout] 37 |     pub fn style_css(&self) -> &str { StyleCss::resource_name() }
[INFO] [stdout]    |                                                 ^^^^^^^^^^^^^ function or associated item not found in `static_assets::StyleCss`
[INFO] [stdout]    | 
[INFO] [stdout]   ::: src/assets.rs:16:5
[INFO] [stdout]    |
[INFO] [stdout] 16 |     pub struct StyleCss;
[INFO] [stdout]    |     -------------------- function or associated item `resource_name` not found for this
[INFO] [stdout] 
[INFO] [stdout] 
[INFO] [stdout] error[E0599]: no function or associated item named `resource_name` found for struct `static_assets::SearchJs` in the current scope
[INFO] [stdout]   --> src/site.rs:38:49
[INFO] [stdout]    |
[INFO] [stdout] 38 |     pub fn search_js(&self) -> &str { SearchJs::resource_name() }
[INFO] [stdout]    |                                                 ^^^^^^^^^^^^^ function or associated item not found in `static_assets::SearchJs`
[INFO] [stdout]    | 
[INFO] [stdout]   ::: src/assets.rs:26:5
[INFO] [stdout]    |
[INFO] [stdout] 26 |     pub struct SearchJs;
[INFO] [stdout]    |     -------------------- function or associated item `resource_name` not found for this
[INFO] [stdout] 
[INFO] [stdout] 
[INFO] [stdout] error[E0599]: no function or associated item named `resource_name` found for struct `static_assets::ScriptJs` in the current scope
[INFO] [stdout]   --> src/resources/new_article_resource.rs:83:27
[INFO] [stdout]    |
[INFO] [stdout] 83 |                 ScriptJs::resource_name()
[INFO] [stdout]    |                           ^^^^^^^^^^^^^ function or associated item not found in `static_assets::ScriptJs`
[INFO] [stdout]    | 
[INFO] [stdout]   ::: src/assets.rs:21:5
[INFO] [stdout]    |
[INFO] [stdout] 21 |     pub struct ScriptJs;
[INFO] [stdout]    |     -------------------- function or associated item `resource_name` not found for this
[INFO] [stdout] 
[INFO] [stdout] 
[INFO] [stdout] error[E0599]: no function or associated item named `resource_name` found for struct `static_assets::ThemesCss` in the current scope
[INFO] [stdout]   --> src/site.rs:36:51
[INFO] [stdout]    |
[INFO] [stdout] 36 |     pub fn themes_css(&self) -> &str { ThemesCss::resource_name() }
[INFO] [stdout]    |                                                   ^^^^^^^^^^^^^ function or associated item not found in `static_assets::ThemesCss`
[INFO] [stdout]    | 
[INFO] [stdout]   ::: src/assets.rs:11:5
[INFO] [stdout]    |
[INFO] [stdout] 11 |     pub struct ThemesCss;
[INFO] [stdout]    |     --------------------- function or associated item `resource_name` not found for this
[INFO] [stdout] 
[INFO] [stdout] 
[INFO] [stdout] error[E0599]: no function or associated item named `resource_name` found for struct `static_assets::StyleCss` in the current scope
[INFO] [stdout]   --> src/site.rs:37:49
[INFO] [stdout]    |
[INFO] [stdout] 37 |     pub fn style_css(&self) -> &str { StyleCss::resource_name() }
[INFO] [stdout]    |                                                 ^^^^^^^^^^^^^ function or associated item not found in `static_assets::StyleCss`
[INFO] [stdout]    | 
[INFO] [stdout]   ::: src/assets.rs:16:5
[INFO] [stdout]    |
[INFO] [stdout] 16 |     pub struct StyleCss;
[INFO] [stdout]    |     -------------------- function or associated item `resource_name` not found for this
[INFO] [stdout] 
[INFO] [stdout] 
[INFO] [stdout] error[E0599]: no function or associated item named `resource_name` found for struct `static_assets::SearchJs` in the current scope
[INFO] [stdout]   --> src/site.rs:38:49
[INFO] [stdout]    |
[INFO] [stdout] 38 |     pub fn search_js(&self) -> &str { SearchJs::resource_name() }
[INFO] [stdout]    |                                                 ^^^^^^^^^^^^^ function or associated item not found in `static_assets::SearchJs`
[INFO] [stdout]    | 
[INFO] [stdout]   ::: src/assets.rs:26:5
[INFO] [stdout]    |
[INFO] [stdout] 26 |     pub struct SearchJs;
[INFO] [stdout]    |     -------------------- function or associated item `resource_name` not found for this
[INFO] [stdout] 
[INFO] [stdout] 
[INFO] [stdout] error: aborting due to 27 previous errors; 46 warnings emitted
[INFO] [stdout] 
[INFO] [stdout] 
[INFO] [stdout] Some errors have detailed explanations: E0277, E0425, E0599.
[INFO] [stdout] 
[INFO] [stdout] For more information about an error, try `rustc --explain E0277`.
[INFO] [stdout] 
[INFO] [stderr] error: could not compile `sausagewiki`.
[INFO] [stderr] 
[INFO] [stderr] To learn more, run the command again with --verbose.
[INFO] [stderr] warning: build failed, waiting for other jobs to finish...
[INFO] [stdout] error: aborting due to 27 previous errors; 48 warnings emitted
[INFO] [stdout] 
[INFO] [stdout] 
[INFO] [stdout] Some errors have detailed explanations: E0277, E0425, E0599.
[INFO] [stdout] 
[INFO] [stdout] For more information about an error, try `rustc --explain E0277`.
[INFO] [stdout] 
[INFO] [stderr] error: build failed
[INFO] running `Command { std: "docker" "inspect" "8c1b7a60291752cc693d218fdd439a40b6101372dc76121f56ec02be3225523b", kill_on_drop: false }`
[INFO] running `Command { std: "docker" "rm" "-f" "8c1b7a60291752cc693d218fdd439a40b6101372dc76121f56ec02be3225523b", kill_on_drop: false }`
[INFO] [stdout] 8c1b7a60291752cc693d218fdd439a40b6101372dc76121f56ec02be3225523b
